-- phpMyAdmin SQL Dump
-- version 2.8.2.4
-- http://www.phpmyadmin.net
-- 
-- Host: localhost
-- Generation Time: Oct 09, 2006 at 04:28 PM
-- Server version: 5.0.24
-- PHP Version: 5.1.6
-- 
-- Initial data for Simplified Chinese
-- 
-- 
-- Database: `x1`
-- 

-- 
-- Dumping data for table `article_artcat`
-- 

INSERT INTO `art_artcat` (`ac_id`, `art_id`, `cat_id`, `uid`, `ac_register`, `ac_publish`, `ac_feature`) VALUES (1, 1, 1, 1, 1160418988, 1160418988, 0),
(2, 2, 4, 1, 1160419374, 1160419374, 0),
(3, 2, 2, 1, 1160419374, 1160419374, 0),
(4, 3, 4, 1, 1160420325, 1160420325, 0),
(5, 3, 2, 1, 1160420325, 1160420325, 0),
(6, 4, 4, 1, 1160421303, 1160421303, 0),
(7, 4, 2, 1, 1160421303, 1160421303, 0),
(8, 5, 1, 1, 1160422034, 1160422034, 0),
(9, 6, 1, 1, 1160422384, 1160422384, 0),
(10, 7, 3, 1, 1160423490, 1160423490, 0),
(11, 8, 3, 1, 1160423858, 1160423858, 0);

-- 
-- Dumping data for table `article_article`
-- 

INSERT INTO `art_article` (`art_id`, `cat_id`, `uid`, `writer_id`, `art_source`, `art_title`, `art_keywords`, `art_summary`, `art_image`, `art_template`, `art_pages`, `art_categories`, `art_topics`, `art_elinks`, `art_forum`, `art_time_create`, `art_time_submit`, `art_time_publish`, `art_counter`, `art_rating`, `art_rates`, `art_comments`, `art_trackbacks`) VALUES (1, 1, 1, 0, '', 'Xoops ¼ò½é', 'XOOPS CMS GPL ÄÚÈÝ¹ÜÀí È¨ÏÞ ÃÅ»§ ×ÔÓÉÈí¼þ', 'XOOPS ÊÇÒ»¸ö¿ª·ÅÔ´ÂëµÄweb ÄÚÈÝºÍÃÅ»§¹ÜÀí³ÌÐò£¬°²È«¡¢ÎÈ¶¨¡¢¿É¿¿£¬Èº×éÈ¨ÏÞ¹ÜÀíÍêÉÆ£¬¶Ô¶à×Ö½ÚÓïÑÔÌØ±ðÊÇÖÐÎÄÖ§³ÖÍêÃÀ£¬ÊÊºÏÓÚ´ÓÐ¡ÐÍµ½´óÐÍµÄ¶¯Ì¬½»»¥ÉçÇø¡¢¹«Ë¾ÃÅ»§¡¢ÆóÒµÄÚ²¿Íø¡¢¸öÈË/Èº×éÍøÂçÈÕÖ¾µÈµÄ½¨Éè¡£', '', 'default', 'a:1:{i:0;i:1;}', 'a:1:{i:0;s:1:"1";}', '', 'http://www.xoops.org The Xoops Project\r\nhttp://xoops.org.cn Xoops China', 0, 1160418987, 1160418987, 1160418987, 1, 0, 0, 0, 0),
(2, 2, 1, 1, 'Xoops China', 'ÎÄÕÂ¹ÜÀíÄ£¿é¿ìËÙÉÏÊÖÖ¸ÄÏ', 'Ä£¿é ÎÄÕÂ¹ÜÀí °²×°', '±¾ÎÄÓÉbestjoviÒë×Ô Article Quickstart Guide (http://xoopsforge.com)£¬½éÉÜÁËÎÄÕÂ¹ÜÀíÄ£¿éµÄ°²×°ºÍÅäÖÃ', '', 'default', 'a:1:{i:0;i:2;}', 'a:2:{i:0;s:1:"4";i:1;s:1:"2";}', '', NULL, 0, 1160419374, 1160419374, 1160419374, 1, 0, 0, 0, 0),
(3, 2, 1, 1, 'Xoops China', 'ÎÄÕÂ¹ÜÀíÄ£¿é³£¼ûÎÊÌâ', '³£¼ûÎÊÌâ ÎÄÕÂ¹ÜÀí ¿ËÂ¡ FAQ module article template clone', '±¾ÎÄÓÉbestjoviÒë×Ô FAQs on Article (http://xoopsforge.com)£¬½éÉÜÁËÎÄÕÂ¹ÜÀíÄ£¿éµÄÊ¹ÓÃºÍ¶¨ÖÆ·½·¨¡£Ó¢ÎÄ°æÓÉCarnuke¸ù¾ÝÂÛÌ³Ìû×ÓºÍÓÃ»§ÎÊ´ðÕûÀí¶ø³É¡£', '', 'default', 'a:3:{i:0;i:3;i:1;i:4;i:2;i:5;}', 'a:2:{i:0;s:1:"4";i:1;s:1:"2";}', '', NULL, 0, 1160420325, 1160420325, 1160420325, 1, 0, 0, 0, 0),
(4, 2, 1, 2, '', 'ÎÄÕÂ¹ÜÀíÄ£¿éÆÀ²â±¨¸æ', 'ÎÄÕÂ¹ÜÀí ÆÀ²â PDF', 'domecc Ð´µÄÎÄÕÂ¹ÜÀíÄ£¿éµÄ½éÉÜ¼°ÆÀ²â±¨¸æ£¬¿É×÷ÎªÓÐÒæµÄ²Î¿¼', '', 'default', 'a:1:{i:0;i:6;}', 'a:2:{i:0;s:1:"4";i:1;s:1:"2";}', '', NULL, 0, 1160421303, 1160421303, 1160421303, 1, 0, 0, 0, 0),
(5, 1, 1, 0, '', 'Xoops ÈëÃÅ', 'Ê¹ÓÃÖ¸ÄÏ XOOPSÈëÃÅ °²×° ÉèÖÃ ÏµÍ³ÐèÇó ÐéÄâÖ÷»ú', '±¾ÎÄÊÇ XOOPS µÄ¼òÒª½éÉÜ£¬Òë×ÔjackjµÄ¡¶Xoops for Dummies¡·£¬°üº¬ÁËÒ»Ð©¿ìËÙÉÏÊÖµÄÐ¡¼¼ÇÉ¡£¸üÏêÏ¸µÄÓÃ·¨½«ÔÚÏàÓ¦µÄÕÂ½ÚËµÃ÷¡£', '', 'default', 'a:2:{i:0;i:7;i:1;i:8;}', 'a:1:{i:0;s:1:"1";}', '', NULL, 0, 1160422034, 1160422141, 1160422141, 0, 0, 0, 0, 0),
(6, 1, 1, 0, '', 'XOOPS ²Ù×÷Ö¸ÄÏ', '²Ù×÷Ö¸ÄÏ', '±¾ÎÄÒë×ÔHoracio SalazarµÄ¡¶XOOPS Operation Guide¡·¡£', '', 'default', 'a:9:{i:0;i:9;i:1;i:10;i:2;i:11;i:3;i:12;i:4;i:13;i:5;i:14;i:6;i:15;i:7;i:16;i:8;i:17;}', 'a:1:{i:0;s:1:"1";}', '', NULL, 0, 1160422384, 1160422816, 1160422816, 1, 0, 0, 0, 0),
(7, 3, 1, 0, 'http://www.gnu.org/philosophy/free-sw.cn.html', '×ÔÓÉÈí¼þµÄ¶¨Òå', '×ÔÓÉÈí¼þ GPL ¿ª·ÅÔ´Âë', '¡¸×ÔÓÉÈí¼þ¡¹¹Øì¶¡¸×ÔÓÉ¡¹¶ø²»ÊÇ¼Û¸ñ£¬¡¸×ÔÓÉ (Free) ¡¹Õâ¸ö¸ÅÄî²¢²»ÊÇÖ¸¡¸Ãâ·ÑµÄÆ¡¾Æ¡¹£¬¶øÊÇÖ¸¡¸ÑÔÂÛ×ÔÓÉ¡¹¡£×ÔÓÉÈí¼þËùÖ¸³ÆµÄÈí¼þ£¬ÆäÊ¹ÓÃÕßÓÐÊ¹ÓÃ¡¢¸´ÖÆ¡¢É¢²¼¡¢ÑÐ¾¿¡¢¸ÄÐ´¡¢ÔÙÀûÓÃ¸ÃÈí¼þµÄ×ÔÓÉ¡£', '', 'default', 'a:1:{i:0;i:18;}', 'a:1:{i:0;s:1:"3";}', '', NULL, 0, 1160423489, 1160423489, 1160423489, 1, 0, 0, 0, 0),
(8, 3, 1, 0, 'http://www.thebigfly.com/gnu/gpl/', 'GNU Í¨ÓÃ¹«¹²ÊÚÈ¨ (GPL)', 'GPL GNU Í¨ÓÃ¹«¹²ÊÚÈ¨', 'ÕâÊÇÒ»·Ý GNU Í¨ÓÃ¹«¹²ÊÚÈ¨·ÇÕýÊ½µÄÖÐÎÄ·­Òë¡£Ëü²¢·ÇÓÉ×ÔÓÉÈí¼þ»ù½ð»áËù·¢±í£¬Òà·ÇÊ¹ÓÃ GNU Í¨ÓÃ¹«¹²ÊÚÈ¨µÄÈí¼þµÄ·¨¶¨·¢²¼Ìõ¿î©¤Ö»ÓÐ GNU Í¨ÓÃ¹«¹²ÊÚÈ¨Ó¢ÎÄÔ­ÎÄµÄ°æ±¾Ê¼¾ßÓÐ´ËµÈÐ§Á¦¡£È»¶ø£¬ÎÒÃÇÏ£ÍûÕâ·Ý·­ÒëÄÜ°ïÖúÖÐÎÄµÄÊ¹ÓÃÕß¸üÁË½â GNU Í¨ÓÃ¹«¹²ÊÚÈ¨¡£', '', 'default', 'a:1:{i:0;i:19;}', 'a:1:{i:0;s:1:"3";}', '', NULL, 0, 1160423858, 1160423858, 1160423858, 1, 0, 0, 0, 0);

-- 
-- Dumping data for table `article_arttop`
-- 


-- 
-- Dumping data for table `article_category`
-- 

INSERT INTO `art_category` (`cat_id`, `cat_title`, `cat_pid`, `cat_description`, `cat_image`, `cat_order`, `cat_template`, `cat_entry`, `cat_sponsor`, `cat_moderator`, `cat_track`, `cat_lastarticles`) VALUES (1, 'XOOPS ËµÃ÷', 0, 'ÓÐ¹ØXOOPSµÄÏîÄ¿½éÉÜ¡¢Ê¹ÓÃËµÃ÷¡¢¿ª·¢ÎÄµµºÍÏà¹Ø×ÊÔ´', '', 1, 'default', 0, NULL, 'a:0:{}', '', 'a:3:{i:0;s:1:"6";i:1;s:1:"5";i:2;s:1:"1";}'),
(2, 'ÎÄÕÂ¹ÜÀí', 0, 'ÎÄÕÂ¹ÜÀíÄ£¿éµÄÊ¹ÓÃËµÃ÷ºÍÏà¹ØÎÄÕÂ', '', 2, 'default', 0, NULL, 'a:0:{}', '', 'a:3:{i:0;s:1:"4";i:1;s:1:"3";i:2;s:1:"2";}'),
(3, '×ÔÓÉÈí¼þºÍ¿ªÔ´ÉçÇø', 0, NULL, '', 3, 'default', 0, NULL, 'a:0:{}', '', 'a:2:{i:0;s:1:"8";i:1;s:1:"7";}'),
(4, 'XOOPS ¹¦ÄÜÄ£¿é', 1, '³£ÓÃÄ£¿éµÄ½éÉÜ', '', 99, 'default', 0, NULL, 'a:0:{}', 'a:1:{i:0;i:1;}', 'a:3:{i:0;s:1:"4";i:1;s:1:"3";i:2;s:1:"2";}');

-- 
-- Dumping data for table `article_file`
-- 


-- 
-- Dumping data for table `article_pingback`
-- 


-- 
-- Dumping data for table `article_rate`
-- 


-- 
-- Dumping data for table `article_spotlight`
-- 

INSERT INTO `art_spotlight` (`sp_id`, `art_id`, `uid`, `sp_time`, `sp_image`, `sp_categories`, `sp_note`) VALUES (1, 1, 1, 1160424084, 'a:2:{s:7:"caption";s:0:"";s:4:"file";s:0:"";}', '', NULL);

-- 
-- Dumping data for table `article_text`
-- 

INSERT INTO `art_text` (`text_id`, `art_id`, `text_title`, `text_body`, `dohtml`, `dosmiley`, `doxcode`, `doimage`, `dobr`) VALUES (1, 1, '', 'XOOPSÊÇeXtensible Object Oriented Portal SystemµÄËõÐ´£¬°´ÕÕÓ¢Óï¹æÔò£¬XOOPSÓ¦¸Ã¶Á×÷¡°zoo''ps¡±¡£\r\n\r\nXOOPSÊÇÒ»ÖÖ¿ªÔ´µÄÄÚÈÝ¹ÜÀíÏµÍ³£¬²ÉÓÃPHPÓïÑÔ¸úMySQLÊý¾Ý¿â£¬¹¦ÄÜ¡¢½çÃæÈ«²¿Ä£°å»¯Éè¼Æ£¬¿ÉÓÃÓÚ¹¹½¨¸÷ÖÖÍøÂçÉçÇø¡£\r\n\r\nXOOPS ×÷Îª¿ªÔ´ÉçÇøÒ»¸öÓÅÐãµÄÄÚÈÝ¹ÜÀíÏµÍ³£¬×ÔËüÃæÊÀÆð¾ÍÒ»Ö±ÊÜµ½ÈËÃÇµÄ¹Ø×¢¡£ÆäÖ÷ÒªÌØÕ÷°üÀ¨ÏµÍ³¹¦ÄÜÄ£¿é»¯£¬½çÃæÉè¼ÆÄ£°å»¯£¬°²×°Ê¹ÓÃ¹ÜÀí¼ò½àÃ÷ÁË£¬¹¦ÄÜÍêÉÆ¡£\r\n\r\nÏà¶ÔÓÚÆäËû CMS£¬XOOPS ÓÐÍêÉÆµÄÈ¨ÏÞ¹ÜÀí£¬¿ÉÒÔ¶Ô²»Í¬ÓÃ»§Èº×é¸³Óè²»Í¬µÄÊ¹ÓÃ»ò¹ÜÀíÈ¨ÏÞ¡£XOOPS ´úÂë¹æ·¶£¬×¢ÖØ°²È«ÐÔ£¬¼«ÉÙ±»·¢ÏÖÓÐ°²È«Â©¶´£»½á¹¹Éè¼ÆºÏÀí£¬Ò×ÓÚ×÷¶þ´Î¿ª·¢¡£×÷ÎªÀíÏëµÄ¿ª·¢ÏµÍ³£¬±»¹ã·ºÓÃÓÚ¸öÈËÍøÕ¾¡¢ÉçÇø½»Á÷¡¢¹«Ë¾ÆóÒµÒÔ¼°¸÷Àà´óÐÍÃÅ»§ÏµÍ³¡£\r\n\r\nXOOPS ÉçÇø¿ª·¢»îÔ¾£¬¸÷Àà¹¦ÄÜÄ£¿é¿ÉÓÐ²»Í¬Ñ¡Ôñ£¬°üÀ¨£ºÐÂÎÅ·¢²¼ÏµÍ³¡¢ÎÄÕÂ¹ÜÀí¡¢ÂÛÌ³¡¢Ïà²á¡¢×ÊÔ´ÏÂÔØ¡¢ÓÑÇéÁ´½Ó¡¢¹ã¸æ/»ÆÒ³¹ÜÀí¡¢ÔÚÏß¹ºÎïµÈ´«Í³Ä£¿é£¬½üÀ´²¢ÓÐ¸÷ÖÖÐÂÐÍÀà±ðÈç BLOG¡¢WIKI¡¢RSS ÔÚÏßÔÄ¶Á/²É¼¯µÈ¡£\r\n\r\n×÷ÎªÒ»¸ö¹¦ÄÜÇ¿´óµÄ CMS ÏµÍ³£¬µÃÒæÓÚÆä½á¹¹Éè¼ÆºÏÀí£¬XOOPS ³ýÁË±¾ÉíµÄ¸÷Àà¹¦ÄÜÄ£¿éÖ®Íâ£¬¿ÉÒÔºÜ·½±ãµÄ¼¯³ÉÏÖÓÐµÄÈí¼þ£¬±ÈÖøÃûµÄ BLOG ³ÌÐò WORDPRESS¡¢WIKI¹ÜÀíMEDIAWIKI¡¢¹ºÎïÏµÍ³ OSCOMMERCE/ZEN-CART¡¢Í¼Æ¬¹ÜÀí³ÌÐò GALLERYµÈÒÑ¾­±»¼¯³Éµ½ XOOPS ÖÐ¡£\r\n\r\nXOOPS ÊÇ×ÔÓÉÈí¼þ£¬°´ÕÕ GPL (GNU General Public License) Ð­Òé·¢²¼£¬ÔÚ×ñÊØGPLÌõ¿îµÄÇ°ÌáÏÂ¿ÉÒÔÔÚÈÎºÎ³¡ºÏÃâ·ÑÊ¹ÓÃºÍÐÞ¸Ä¡£\r\n\r\nÓ¢ÎÄ¹Ù·½ÍøÕ¾£ºhttp://www.xoops.org/\r\n¼òÌåÖÐÎÄÍøÕ¾£ºhttp://xoops.org.cn/\r\n·±ÌåÖÐÎÄÍøÕ¾£ºhttp://xoops.tnc.edu.tw/\r\nÏîÄ¿¹ÜÀíÍøÕ¾£ºhttp://sorceforge.net/projects/xoops/', 1, 1, 1, 1, 1),
(2, 2, '', '[b]°²×°²½Öè£º[/b]\r\n1-°²×°ArticleºÍ°²×°ÆäËûxoopsµÄ»ù±¾Ä£¿éÒ»Ñù¡£\r\n2-½øÈëxoopsºóÌ¨µÄ¡°¹ÜÀíÇø¡±£¬Ñ¡Ôñ¡°Ä£¿é¹ÜÀí¡±²Ëµ¥ÖÐµÄ¡°Ä£¿é¹ÜÀí¡±£¬ÔÚ¸ÃÒ³ÃæÖÐÑ¡ÔñArticleÄ£¿é£¬µã»÷Install°²×°¡£\r\n3-Ñ¡ÔñÕë¶Ô¸ÃÄ£¿éÏàÓ¦µÄ¡°¹ÜÀíÈ¨¡±ºÍ¡°Ê¹ÓÃÈ¨¡±µÄÈº×éÉèÖÃ£¬µã»÷¡°°²×°¡±°´Å¥½øÐÐ°²×°¡£\r\n4-Êý¾Ý°²×°Ò³ÃæÏÔÊ¾¡°°²×°³É¹¦¡±£¬±íÊ¾Ä£¿é°²×°Ë³ÀûÍê³É¡£\r\n5-µã»÷¡°»Øµ½Ä£¿é¹ÜÀí²Ëµ¥¡±¡£\r\n6-»Øµ½Ä£¿é¹ÜÀíÒ³ÃæArticleÄ£¿é½«»áÏÔÊ¾ÔÚÒÑ¾­ÆôÓÃµÄÄ£¿éÁÐ±íÖÐ¡£\r\n7-ÄãÒ²¿ÉÒÔÔÚ¸ÃÒ³ÖÐArticleÄ£¿éÍ¼±êÏÂ·½µÄÎÄ±¾¿òÄÚÖØÐÂÊäÈëÄ£¿éÃû£¬À´ÖØÐÂÃüÃû¸ÃÄ£¿é¡£\r\n8-Ò²¿ÉÒÔÔÚ¸ÃÒ³ÖÐ¶Ô¸ÃÄ£¿é½øÐÐÆÁ±Î¡¢Ð¶ÔØ»òÕß´ÓÇ°Ì¨Ö÷²Ëµ¥ÖÐÒþ²ØµÈ²Ù×÷¡£\r\n9-ÔÚ¸Ä±äÉèÖÃºóµã»÷Ìá½»°´Å¥¡£\r\n\r\n[b]ÉèÖÃ£º[/b]\r\n1.µã»÷Ä£¿éÍ¼±ê½øÈë¸ÃÄ£¿éµÄ¹ÜÀíÒ³Ãæ£¬»òÕßÔÚºóÌ¨¹ÜÀíÇøµÄ²Ëµ¥ÖÐµã»÷¡±Ä£¿é¹ÜÀí¡°>¡±ÎÄÕÂ¹ÜÀí¡°>¡±Ê×Ò³¡°¡£\r\n2.Ä£¿éµÄÉèÖÃÑ¡ÏîºÍ×´Ì¬ÐÅÏ¢¶¼ÏÔÊ¾ÔÚ¸ÃÒ³ÖÐ¡£\r\n3.¡±Í¼Æ¬´æ·ÅÂ·¾¶¡°ºÍ¡±ÎÄ¼þ´æ·ÅÂ·¾¶¡°¿ÉÒÔÍ¨¹ý¡±´´½¨ÎÄ¼þ¼Ð¡°Á´½ÓÀ´´´½¨¡£\r\n4.Èç¹ûÓÐ¡±ÎÞÐ§¡°£¨ºìÉ«×ÖÌå)ÈÔÈ»´æÔÚ£¬Ðè[b]ÊÖ¶¯[/b]ÔÚxoops/uploadsÄ¿Â¼ÏÂ´´½¨¡£\r\n5.ÉèÖÃÉÏÊöÁ½¸öÄ¿Â¼È¨ÏÞÎª777£¨Linux»·¾³ÏÂ)£¬»òÕß¸üµÍÈç¹ûÄãµÄÏµÍ³»·¾³ÔÊÐíµÄ»°¡£\r\n6.Ë¢ÐÂArticleÄ£¿éµÄÊ×Ò³£¬È·ÈÏÉÏÃæÁ½¸öÐÂ½¨Ä¿Â¼ÏÔÊ¾Îª¡±ÓÐÐ§¡°¡£\r\n\r\n[b]ÅäÖÃ£º[/b]\r\n1-ÔÚºóÌ¨¹ÜÀíÇø²Ëµ¥ÖÐ£¬Ñ¡Ôñ¡±²ÎÊýÉèÖÃ¡°>¡±ÎÄÕÂ¹ÜÀí¡°>¡±Ò»°ãÉèÖÃ¡°¡£ÕâÀï¿ÉÒÔÐÞ¸ÄÄ£¿éÍ¨ÓÃÔ¤ÖÃÇé¿ö£¬»òÕß±£³ÖÄ¬ÈÏÖ±µ½ÊìÏ¤ºóÔÙÐÞ¸Ä¡£\r\n2-¡±²ÎÊýÉèÖÃ¡°>¡±ÎÄÕÂ¹ÜÀí¡°>¡±Ä£¿éÉèÖÃ¡°£¬ÕâÀï¿ÉÒÔÐÞ¸ÄÄ£¿éÉèÖÃ£¬»òÕß±£³ÖÄ¬ÈÏÖ±µ½ÊìÏ¤ºóÔÙÐÞ¸Ä¡£\r\n3-¸ÃÄ£¿é±ØÐëÒªÓÐÒ»¸ö·ÖÀà±»´´½¨£¬ÓÃÀ´´¢´æÎÄÕÂ¡£¿ÉÒÔ±à¼­ÏÖÓÐµÄ·ÖÀà£¬»òÕß´´½¨Ò»¸öÐÂ·ÖÀà¡£\r\n4.ÔÚ¸ÃÄ£¿éµÄ¹ÜÀíÊ×Ò³£¬µã»÷¡±·ÖÀà¡°±êÇ©£¬»òÕßÔÚºóÌ¨¹ÜÀíÇø²Ëµ¥ÖÐÑ¡Ôñ¡°Ä£¿é¹ÜÀí¡±>¡°ÎÄÕÂ¹ÜÀí¡±Ä£¿é>¡°·ÖÀà¡±¡£\r\n5.ÊäÈë·ÖÀà¾ßÌåÐÅÏ¢£¨±êÌâÊÇ±ØÌîÏî)¡£', 1, 1, 1, 1, 1),
(3, 3, '»ù±¾ÎÊÌâ', '[b]£­ÈçºÎ°²×°¡°ÎÄÕÂ¹ÜÀí¡±Ä£¿é£¿[/b]\r\n¡°ÎÄÕÂ¹ÜÀí¡±Ä£¿é°²×°·½·¨ºÍÆÕÍ¨µÄXOOPSÄ£¿éÏàÍ¬¡£\r\n\r\n[b]£­ÈçºÎÊ¹ÓÃURLËÑË÷ÒýÇæÓÅ»¯¹¦ÄÜ£¿[/b]\r\nµ±Ç°¡°ÎÄÕÂ¹ÜÀí¡±Ä£¿éÔÊÐíÒÔÏÂURL¸ñÊ½£º\r\nhttp://xoopsurl.com/modules/article/view.article.php?article=999&category=222\r\n¿ÉÒÔ×ª»¯³É\r\nhttp://xoopsurl.com/modules/article/view.article.php/999/c222 ¸ñÊ½¡£\r\n¿¼ÂÇµ½Ò»Ð©·þÎñÆ÷²»ÄÜ½ÓÊÜÉÏÊöµÄURLÖØÐ´£¬ËùÒÔÔÚ¡°ÎÄÕÂ¹ÜÀí¡±Ä£¿éÖÐ£¬URLµÄËÑË÷ÒýÇæÓÅ»¯¹¦ÄÜ¿ÉÒÔ¹Ø±Õ¡£¸ÃÉèÖÃ¿ÉÒÔÔÚ¡±ÉèÖÃ¡°>¡±ÎÄÕÂ¹ÜÀí¡°>¡±Ò»°ãÉèÖÃ¡°ÖÐ¸ü¸Ä¡£\r\n\r\n[b]£­µ±ÎÒÊÔÍ¼´´½¨uploads/article/fileºÍuploads/article/imageÄ¿Â¼Ê±×ÜÊÇÎÞ·¨´´½¨£¬ÎÒ¸ÃÈçºÎ×ö£¿[/b]\r\nµ±Í¨¹ý½çÃæÎÞ·¨½¨Á¢Ïà¹ØÄ¿Â¼Ê±£¬ÐèÒªÊÖ¶¯´´½¨ÉÏÊöÄ¿Â¼²¢ÉèÖÃÄ¿Â¼È¨ÏÞÎª777.\r\n\r\n[b]£­ÎÒÄÜÉ¾³ýÒÑ¾­·¢²¼µÄÎÄÕÂºÍ·ÖÀàÂð£¿[/b]\r\nÄã¿ÉÒÔÉ¾³ýÒÑ¾­·¢²¼µÄÎÄÕÂ£¬»òÕß½«Æä·ÅÈëÒ»¸öÃ»ÓÐ¹«¿ª·¢²¼µÄ·ÖÀàÖÐ×÷Îª²Î¿¼¡£ËùÓÐµÄ·ÖÀàÒ²ÊÇ¿ÉÒÔ±»É¾³ýµÄ£¬µ«¡±ÎÄÕÂ¹ÜÀí¡°Ä£¿éÒªÇó±ØÐëÖÁÉÙÓÐÒ»¸ö·ÖÀà´æÔÚ¡£Äã¿ÉÒÔºÜÈÝÒ×ÖØÃüÃûÎªÄãÏëÒªµÄÈÎºÎÃû³Æ¡£×¢ÒâÐòÁÐºÅcat_id=1µÄ·ÖÀà²»ÔÊÐí±»É¾³ý£¬µ«¿ÉÒÔ¸ÄÃû»òÒÆ¶¯¡£\r\n\r\n[b]£­¡°¹¤¾ßUtility"Ö÷Òª×öÊ²Ã´ÓÃÍ¾µÄ£¿[/b]\r\n¡°¹¤¾ßUtility"ÕýÔÚ¿ª·¢ÖÐ£¬Ö÷ÒªÊÇÓÃÓÚÉú³É¾²Ì¬Ò³Ãæ£¬²å¼þ¹ÜÀí£¬»¹°üÀ¨Ò»Ð©ÎÄÕÂµÄÅú´¦Àí£¨ÀýÈç±¸·Ý/»Ö¸´£¬´ÓHTMLÎÄ¼þµ¼ÈëµÈ).\r\n\r\n[b]£­Ê²Ã´ÊÇ¹Ø¼ü×Ö/Tag£¬ÎÒÈçºÎ¹ÜÀíËûÃÇ£¿[/b]\r\n¹Ø¼ü×Ö¿ÉÒÔ¸ù¾ÝÏàÍ¬µÄ¹Ø¼ü×ÖÀ´Á´½Ó»òÕß·Ö×éÕûºÏÎÄÕÂ¡£\r\nÓÃÕâÖÖ·½·¨£¬¿ÉÒÔ¿ìËÙ·Ö×éÎÄÕÂ£¬½«¾ßÓÐÏàÍ¬¹Ø¼ü×ÖµÄÎÄÕÂÕûºÏµ½Ò»Æð£¬ÕâÑù¸üÀûÓÚ¶ÁÕßÔÄ¶ÁºÍËÑË÷¡£\r\n\r\n\r\n[b]£­ÎÒÈçºÎÏÔÊ¾¹Ø¼ü×Ö/TagÁÐ±í£¿[/b]\r\nTag Çø¿é¿ÉÒÔÉèÖÃÏÔÊ¾ÔÚÕ¾µãÉÏ¡£Õâ¸öÁÐ±í°üº¬ÁËËùÓÐµ±Ç°±»¼¤»îµÄ¹Ø¼ü×ÖÁ´½Ó¡£»¹½«ÔÚÃ¿¸ö¹Ø¼ü×ÖºóÃæÏÔÊ¾ÎÄÕÂÊýÁ¿¡£\r\n\r\n[b]£­Ê²Ã´ÊÇÈ«¾Ö¹Ø¼ü×Ö£¿[/b]\r\nÈ«¾Ö¹Ø¼ü×ÖÊÇÔÚÄ£¿éÉèÖÃÖÐÉèÖÃµÄ¡£ÀýÈç£ºMylink -- http://mylink.com¡£ÈÎºÎÒ»ÆªÎÄÕÂµÄÈÎºÎÎ»ÖÃÖÐ³öÏÖµÄ¡°Mylink¡±×Ö·û½«±»Ìæ»»³É http://mylink.com Á´½ÓÏÔÊ¾¡£Õâ¸ö¹¦ÄÜ½«×Ô¶¯½«´¿ÎÄ±¾×ª»»³É³¬Á´½Ó£¬¶ø²»ÊÇÒ»¸öHTML±ê¼Ç¡£ÕâÒ²¿ÉÒÔ×÷ÎªÕ¾µãÄÚ²¿»òÕßÍâ²¿Á´½Ó¡£µ±È»ÄãÒ²¿ÉÒÔ¹Ø±Õ¸Ã¹¦ÄÜ¡£\r\n\r\n[b]£­Ê²Ã´ÊÇ¡°¹¤¾ßÏä¡±£¿[/b]\r\nÔÚÃ¿Ò»ÆªÎÄÕÂµÄÏÂ·½£¬¡°¹¤¾ßÏä¡±Ìá¹©¸øÓÃ»§Ò»Ð©·½±ãµÄÓ¦ÓÃÊÖ¶Î¡£¹¤¾ßÏäÄÚÈÝÊÇ¿ÉÀ©Õ¹µÄ£¬µ±Ç°Ö§³ÖµÄÓ¦ÓÃÈçÏÂ£ºÉç»áÐÔÊéÇ©£¨del.icio.us, furl),µç×ÓÓÊ¼þ£¬PDFÎÄµµ£¬ÄÚ²¿´òÓ¡£¬½«ÎÄÕÂ×ª·¢µ½ÆäËûÄ£¿é±ÈÈçÂÛÌ³¡¢wiki¡¢blogµÈ¡£¸Ã¹¦ÄÜÊÇÖ§³Ö²å¼þµÄ£¬Õâ¾ÍÒâÎ¶×Å¿ÉÒÔÓÐÎÞÊý¸ö²å¼þÖ§³Ö¡£\r\n\r\n[b]£­¡°É¾³ý¡±ºÍ¡°ÒÆ³ý¡±ÓÐÊ²Ã´²»Í¬£¿[/b]\r\n¡°É¾³ý¡±ÒâÎ¶×Å³¹µ×É¾³ý¸ÃÎÄÕÂ£»¡°ÒÆ³ý¡±ÒÔÎª×Å´ÓÒ»¸ö·ÖÀàÖÐÒÆ³ýÒ»ÆªÎÄÕÂ£¬Õâ¸öÎÄÕÂµÄÄÚÈÝÈÔÈ»´æÔÚ£¬³ý·Ç¸ÃÎÄÕÂ´ÓËùÊôµÄËùÓÐ·ÖÀàÖÐ¶¼±»ÒÆ³ý¡£\r\n\r\n[b]£­¡°²é¿´¡±ºÍ¡°·ÃÎÊ¡±ÔÚÈ¨ÏÞÉÏÓÐÊ²Ã´²»Í¬£¿[/b]\r\n¡°²é¿´¡±ÊÇÔÄ¶ÁÕûÆªÎÄÕÂµÄÈ¨ÏÞ¡£¡°·ÃÎÊ¡±ÊÇÔÊÐí½øÈëÄ³¸ö·ÖÀàµÄÈ¨ÏÞ¡£Èç¹ûÄãÓÐ¡°·ÃÎÊ¡±È¨ÏÞµ«Ã»ÓÐ¡°²é¿´¡±È¨ÏÞ£¬ÔòÄãÖ»ÄÜÔÄ¶Á·ÖÀàÏÔÊ¾Ò³£¬ÀýÈç¡®±êÌâ¡¯/''×÷Õß''/¡®ÕªÒª''.\r\n\r\n[b]£­ÔÚÎÄÕÂÌá½»Ò³£¬Ò»Ð©Ñ¡Ïî×¢ÊÍÈçÏÂ£º[/b]\r\n1.·¢±í ¡« Ìá½»ÕûÆªÎÄÕÂ²¢ÔÚÏß¹«¿ª¡£Õâ½«Á¢¼´ÏÔÊ¾»òÕß³ÉÎª´ýÉó²é£¬ÕâÒª¸ù¾ÝºóÌ¨ÉèÖÃ¶ø¶¨¡£\r\n\r\n2.±£´æ ¡« ±£´æÎÄÕÂ×÷ÎªË½ÈË²Ý¸å£¬ÕâÆªÎÄÕÂÖ»ÓÐ×÷ÕßÄÜ¹»²é¿´ºÍ·ÃÎÊ¡£ÎÄÕÂ¿ÉÒÔÔÚÉÔºó±»±à¼­»òÕßÌá½»¡£\r\n\r\n3.±£´æ²¢¼ÌÐø±à¼­ ¡« ±£´æµ±Ç°ÎÄÕÂÒ³µ½Ò»¸öÁÙÊ±»º´æÖÐ£¬ÔÊÐíÄã¼ÌÐø±à¼­»òÕßÔö¼ÓÐÂÒ³Ãæ¡£\r\n\r\n4.Ô¤ÀÀ ¡« ²é¿´ÎÄÕÂÔÚ·¢²¼ºóµÄÏÔÊ¾Ð§¹û¡£\r\n\r\n5.È¡Ïû ¡« É¾³ýµ±Ç°ÒªÌá½»µÄÄÚÈÝ¡£\r\n\r\n6.É¾³ýÎÄÕÂ ¡« ´ÓÊý¾Ý¿âÖÐÉ¾³ýÎÄÕÂ¡£\r\n\r\n7.É¾³ý¸ÃÒ³ ¡« É¾³ýµ±Ç°Ò³¡£\r\n\r\n[b]£­Ê²Ã´ÊÇ¡°ÎÒµÄÎÄÕÂ¡±£¿[/b]\r\nÕâÊÇÒ»¸ö¸öÈË¹¤¾ß£¬ÓÃÀ´ÁÐ³öËùÓÐÄãËù´´½¨ºÍ·¢±íµÄÎÄÕÂ¡£\r\n\r\n[b]£­Ê²Ã´ÊÇ¡°×¨Ìâ¡±£¿[/b]\r\n³ýÁË¡°·ÖÀà¡±£¬ÎÄÕÂÒ²¿ÉÒÔ·ÖÊôÁíÍâµÄ·ÖÀà·½Ê½¡°×¨Ìâ¡±£¬ÕâÔÊÐíÄãÔÚ²»Í¬·ÖÀàÖÐËÑ¼¯Ïà¹ØµÄÎÄÕÂÈ¥¹¹½¨Ò»¸öÌØÊâµÄÎÄÕÂÐòÁÐ£¬ÀàËÆÓÚÏµÁÐ±¨µÀ»ò×¨Ìâ±¨µÀ¡£', 1, 1, 1, 1, 1),
(4, 3, 'ÎÄÕÂÄ£¿éµÄÄ£°åÏµÍ³', '[b]¶àÄ£°å¶¨ÖÆ[/b]\r\n¡°ÎÄÕÂ¹ÜÀí¡±Ä£¿éÌá¹©ÁËÒ»¸öÑ¡Ïî¸ø¹ÜÀíÔ±£¬ÓÃÀ´Ìí¼Ó¸½¼ÓÄ£°å¡£ÕâÑùÖÕ¶ËÓÃ»§¾ÍÄÜÎªÎÄÕÂÑ¡ÔñËûÃÇÏ²°®µÄÄ£°åÁË£¬ÕâÒâÎ¶×ÅÄÜÎªÕû¸öÄ£¿éºÍ·ÖÀàÉèÖÃÈ«¾ÖÄ£°å£»»òÕßÓÉÄ³¸ö·ÖÀà¹ÜÀíÕßÀ´Ñ¡Ôñ¸Ã·ÖÀàµÄÄ£°å£»Ã¿Ò»ÆªÎÄÕÂÒ²¿ÉÒÔÑ¡ÔñÊ¹ÓÃ²»Í¬µÄÄ£°å¡£\r\n\r\n[b]ÔõÑùÖÆ×÷Äã×Ô¼ºµÄ¸½¼ÓÄ£°å£¿[/b]\r\n1.ÎªÒ»¸öÒ³Ð´Ò»¸öÐÂÄ£°å£¬ÀýÈçindex.php£¬Õâ¸öÄ£°åÎÄ¼þÄ¬ÈÏÃüÃûÎª"article_index.html¡°£¬Äã¿ÉÒÔÃüÃûÄãµÄÎÄ¼þÎª¡±article_index_myarticle.html".\r\n2.ÉÏ´«Õâ¸öÎÄ¼þµ½modules/article/templates/Ä¿Â¼ÏÂ¡£\r\n3.¸üÐÂÎÄÕÂ¹ÜÀíÄ£¿é¡£\r\n4.Äã½«»áÔÚ¡°¹ÜÀíÇø¡±£­¡°Ä£¿é¹ÜÀí¡±£­¡°ÎÄÕÂ¹ÜÀí¡±£­¡°Ò»°ãÉèÖÃ¡±£­¡°ÏµÍ³Ô¤ÉèÄ£°å£º¡±ÏÂÀ­ÁÐ±íÖÐ¿´µ½£º¡°default¡±£¬¡°myarticle¡±¡£\r\n\r\nÒÔÏÂÎª¿ÉÑ¡²Ù×÷£º\r\n5.Äã¿ÉÒÔÎªÄãµÄÄ£°å¡°myindex¡±Ôö¼ÓÒ»¸ö¸½¼ÓµÄCSSÎÄ¼þ£º´´½¨CSSÎÄ¼þÃüÃûÎªstyle_myarticle.css²¢ÇÒÉÏ´«µ½modules/article/templatesÄ¿Â¼ÏÂ¡£\r\n6.ÄãÒ²¿ÉÒÔÎªÎÄÕÂµÄÒ³Ãæ»òÕß·ÖÀàÒ³Ãæ´´½¨Ò»¸ö¸½¼ÓÄ£°å£ºarticle_article_myarticle.html,article_category_myarticle.html.ÕâÒ²½«»áÔÚÎÄÕÂ±à¼­ºÍ·ÖÀà±à¼­Ê±ÉúÐ§¡£\r\n\r\nËµÃ÷£º\r\nÄ£°åÎÄ¼þÃüÃû¹æÔò£º(Ä£¿éÄ¿Â¼Ãû)_(Ò³ÃæÎÄ¼þÃû)[_¶¨ÖÆÄ£°åÃû].html\r\nCSSÎÄ¼þÃüÃû¹æÔò£ºstyle[_¶¨ÖÆÄ£°åÃû].css', 1, 1, 1, 1, 1),
(5, 3, 'Ä£¿é¿ËÂ¡Ö¸ÄÏ', 'ÎÄÕÂ¹ÜÀíÄ£¿éÖ§³Ö·½±ãµÄÄ£¿é¿ËÂ¡¸´ÖÆ¡£\r\n\r\n¿½±´Ä£¿éµÄÍêÕûÄ¿Â¼\r\n\r\n1.ÐÞ¸ÄËùÓÐ/templates/ºÍ/templates/blocks/Ä¿Â¼ÏÂµÄÎÄ¼þ£¬½«"article"Ç°×ºÐÞ¸ÄÎªÐÂ½¨Ä£¿éÄ¿Â¼ÃûµÄÇ°×º¡£ÀýÈç£¬ÖØÃüÃûarticle_index.htmlÎªnewarticle_index.html\r\n\r\n2.´ò¿ªÎÄ¼þ"include/var.php"£¬ÉèÖÃ±äÁ¿Öµ$GLOBALS["ART_DB_PREFIX"],ÀýÈç¡±artdb¡°\r\n\r\n3.±à¼­/sql/Ä¿Â¼ÏÂµÄËùÓÐ sqlÎÄ¼þ£¬°ÑËùÓÐ±íµÄÇ°×ºÐÞ¸ÄÎª²½Öè2ÖÐÉè¶¨µÄÖµÀýÈç¡±artdb¡°¡£ÀýÈçÐÞ¸Ä¡±CREATE TABLE ''art_article''"Îª"CREATE TABLE ''artdb_article''".\r\n\r\n4.°²×°ÐÞ¸ÄºóµÄÄ£¿é¡£', 1, 1, 1, 1, 1),
(6, 4, '', '[url=http://xoops.org.cn/modules/newbb/viewtopic.php?topic_id=6079]Article 0.82ÆÀ²â±¨¸æ[/url]\r\n\r\n×Ô´Ó2006Äê2ÔÂ8ÈÕ·¢²¼¡¶Article 0.8µÄÆÀ²â±¨¸æ¡·ºó£¬D.J.¸üÕýÁËArticleµÄ²»ÉÙbug£¬²¢Á¬Ðø·¢²¼ÁËÁ½¸öÉý¼¶°æ±¾£¬Í¬Ê±ÎÒÒ²ÊÕµ½ÁËÀ´×Ô¸÷·½µÄ²»ÉÙ»ØÓ¦¡£Òò´ËÎÒÔÚ¡¶Article 0.8µÄÆÀ²â±¨¸æ¡·»ù´¡ÉÏ£¬Õë¶ÔArticleµÄ×îÐÂ°æ±¾0.82£¬°Ñ±¨¸æ×÷ÁËÈ«Ãæ¸üÐÂ¡£\r\n\r\n±¾±¨¸æ²»½ö¶ÔArticle½øÐÐÁËÏêÏ¸ÆÀ²â£¬Ö¸³öÆäÖÐÈÝÒ×»ìÏýµÄ¸ÅÄîºÍ²»Ò×Àí½âµÄ¸ÅÄî£¬¶øÇÒ»¹ÓÐ¶ÔÏà¹ØmoduleµÄÆÀ¼Û×Ü½á£¬ÒÔ¼°xoopsµÄÏà¹ØÌ½ÌÖ£¬ÏàÐÅÕâÐ©¶Ô´ó¼ÒÑ§Ï°XOOPS¶¼ÓÐºÜºÃµÄ½è¼øÒâÒå¡£\r\n\r\n±¾±¨¸æÌØÒâ²ÉÓÃÁËPDF¸ñÊ½£¬²¢¿ªÍ¨ÁËÆäÖÐµÄÅú×¢¹¦ÄÜ£¬Ï£Íû´ó¼ÒÄÜ¹»³ä·ÖÀûÓÃÕâ¸ö¹¦ÄÜ£¬¶à¶àÅú×¢£¬Ìá³öÒâ¼û£¡»¥Ïà½»Á÷!!\r\n\r\n\r\nUpdate1£ºArticleÆÀ²â±¨¸æ20060215Final.zip ÐÞÕýÁËÒ»µãÁ´½Ó´íÎó¡£\r\nUpadte2£ºArticleÆÀ²â±¨¸æ20060216.zip£¬°Ñ½ñÌìÐÂ·¢ÏÖµÄÁ½¸öbugÌí¼Óµ½ÎÄÕÂ£¬²¢Ôö¼ÓÁË²¿·ÖÄÚÈÝ¡£\r\n\r\n¾É°æ±¾±¨¸æµÄÏÂÔØÁ´½Ó¼ÌÐø±£Áô£¬ÒÔ±ãÍ³¼ÆÏÂÔØÊýÁ¿¡£', 1, 1, 1, 1, 1),
(7, 5, 'Xoops ¼ò½é', 'XOOPS ÊÇÒ»¸ö¿ª·ÅÔ´´úÂëµÄ¹¤¾ß³ÌÐò£¬ ÓÃÓÚÊµÏÖ´ÓÐ¡ÐÍµ½´óÐÍµÄ¶¯Ì¬½»»¥ÉçÇø£¬¹«Ë¾ÃÅ»§£¬ÆóÒµÄÚ²¿Íø£¬ÍøÂçÈÕÖ¾µÈ¡£°²×°µ½·þÎñÆ÷Ö÷»úºó£¬ÍøÕ¾¹ÜÀíÔ±¿ÉÒÔµÇÂ½µ½¹ÜÀíÇø£¬Í¨¹ýä¯ÀÀÆ÷À´¹ÜÀíÄÚÈÝÐÅÏ¢¡£ºóÌ¨¹ÜÀíÊÖ¶ÎÖ±¹ÛÒ×ÓÃ£¬²»ÐèÒªÈÎºÎ±à³Ì£¬¶øÇÒXoops»¹Ìá¹©ÁË·½±ãµÄ°²×°³ÌÐò¡£\r\n\r\n\r\n[b]È¨ÏÞºÍÈº×é[/b]\r\n\r\nÓÃ Xoops ºÜÈÝÒ×ÊµÏÖÓÃ»§È¨ÏÞ·Ö¼¶¹ÜÀí¡£ÀýÈç£¬¿ÉÒÔ¶ÔÓÎ¿ÍÒþ²ØÌØ¶¨µÄÄÚÈÝ£¬¶øÖ»¶Ô×¢²áÓÃ»§»òÓÉÍøÕ¾¹ÜÀíÔ±Ö¸¶¨µÄÈº×é¿ª·Å¡£ Xoops ÓµÓÐÒ»¸öÇ¿´óµÄÈ¨ÏÞ¹ÜÀíÏµÍ³£¬Ö»ÐèÇáÇáµã»÷Êó±ê¼´¿ÉÍê³É²Ù×÷¡£\r\n\r\nÐ¡¼¼ÇÉ£ºÒª½øÐÐÈ¨ÏÞ¹ÜÀí£¬ÏÈ½øÈëÍøÕ¾¹ÜÀíÇø£¬°ÑÊó±êÖ¸ÔÚ ÏµÍ³¹ÜÀí Í¼±êÉÏ£¬È»ºóÑ¡Ôñ Èº×é¹ÜÀí£¬Äã¿ÉÒÔÔÚÕâÀïÌí¼Ó»òÉ¾³ýÄÇÐ©Ä£¿é¡¢Çø¿éµÄ·ÃÎÊÈ¨ÏÞ¡£ ÀýÈç£¬ÔÚ ±à¼­Èº×é Çøµ¥»÷ ÓÎ¿Í ÓÒ±ßµÄ ÐÞ¸Ä¡£È»ºó£¬ÄãÖ»Òª¹´Ñ¡ÏàÓ¦µÄ¸´Ñ¡¿ò¾Í¿ÉÉèÖÃ¶ÔÓ¦Çø¿éºÍÄ£¿éµÄÈ¨ÏÞ¡£\r\n\r\n\r\n[b]Ä£¿é[/b]\r\n\r\nXoops ¸½´øÁËºÜ¶à¿É°²×°µÄ±ê×¼ Ä£¿é¡£Ã¿¸öÄ£¿éÖ´ÐÐÒ»¸öÌØ¶¨µÄ¹¦ÄÜ£¬²¢ÇÒ¶¼ÓÐ×Ô¼ºµÄºóÌ¨¹ÜÀí¡£ °²×°ÕâÐ©Ä£¿éÖ»Òª¼òµ¥µÄµã»÷ÏàÓ¦µÄ°²×°Í¼±ê¡£\r\n\r\nÐ¡¼¼ÇÉ£ºÒª½øÐÐÄ£¿é¹ÜÀí£¬ÏÈ½øÈëÍøÕ¾¹ÜÀíÇø£¬°ÑÊó±êÖ¸ÔÚ ÏµÍ³¹ÜÀí Í¼±êÉÏ£¬È»ºóÑ¡Ôñ Ä£¿é¹ÜÀí£¬ÔÚÕâÀïÄã¿ÉÒÔ°²×° Xoops ¸½´øµÄ±ê×¼Ä£¿é¡£Äã»¹¿ÉÒÔÖØÐÂÃüÃûÕâÐ©Ä£¿é£¬Ä£¿éÃû³Æ½«ÏÔÊ¾ÔÚ Ö÷²Ëµ¥ ÖÐ¡£\r\n\r\nÄãÏÂÔØµÄÆäËû·Ç±ê×¼Ä£¿é£¬ÉÏ´«µ½ www.yoursite.com/modules ÎÄ¼þ¼Ðºó£¬ »á×Ô¶¯³öÏÖÔÚ Xoops Ä£¿é¹ÜÀíÇøµ×²¿¡£\r\n\r\n\r\n[b]Çø¿é[/b]\r\n\r\nµ¼º½²Ëµ¥»òÄÚÈÝ·ÅÖÃÔÚÇø¿éÖÐ£¬Çø¿é¿É·ÅÖÃÔÚÒ³ÃæµÄ×ó±ß¡¢ÓÒ±ß»òÖÐ¼ä¡£ Xoops ÓµÓÐ·Ç³£Ç¿´óºÍÁé»îµÄÇø¿é²¼ÖÃÏµÍ³£¬¿ÉÒÔÉè¶¨Ã¿¸öÇø¿éÔÚÌØ¶¨µÄÄ£¿éºÍÒ³ÃæÖÐÊÇ·ñÏÔÊ¾¡£ Xoops Ä£¿éÍ¨³£Ò²°üÀ¨Ä£¿é×Ô´øµÄÇø¿é£¬Äã¿ÉÒÔÔÚ Xoops ¹ÜÀíÇøµÄ¡°Çø¿é¹ÜÀí¡±²¿·ÖÕÒµ½ËüÃÇ¡£\r\n\r\n´ó²¿·ÖÄÚÈÝÄ£¿é»á×Ô¶¯²úÉúÁ´½Óµ½ÄÚÈÝµÄµ¼º½Çø¿é£¬ÀýÈç£¬ÎÄÕÂµÄ¡°±êÌâ¡±³£±»ÓÃ×÷ÎÄÕÂÒ³ÃæµÄµ¼º½Á´½Ó¡£\r\n\r\nÇø¿é¾­³£±»ÓÃÀ´·ÅÖÃ HTML ÄÚÈÝ¡¢±êÓïºá·ù»òÍ¼Æ¬£¬ ÍøÕ¾¹ÜÀíÔ±Ê¹ÓÃ Xoops¡°¶¨ÖÆÇø¿é¡±¹¦ÄÜ¿ÉÒÔÈÝÒ×µÄ´´½¨×Ô¼ºµÄÇø¿é¡£\r\n\r\nÐ¡¼¼ÇÉ£º Òª½øÐÐÇø¿é¹ÜÀí£¬ÏÈ½øÈëÍøÕ¾¹ÜÀíÇø£¬°ÑÊó±êÖ¸ÔÚ ÏµÍ³¹ÜÀí Í¼±êÉÏ£¬È»ºóÑ¡Ôñ Çø¿é¹ÜÀí£¬Äã¿ÉÒÔÔÚÕâÀïÉèÖÃ Xoops ÖÐµÄÇø¿éÊÇ·ñ¿É¼ûÒÔ¼°ÏÔÊ¾µÄÎ»ÖÃ¡£\r\n\r\n×¢Òâ£º È±Ê¡Çé¿öÏÂÇø¿éÄÚÈÝ¶ÔÓÎ¿Í²»¿É¼û£¬ÄãÐèÒªÔÚ ÏµÍ³¹ÜÀí --> Èº×é¹ÜÀí --> ÓÎ¿Í ÖÐÌí¼ÓÏàÓ¦È¨ÏÞ¡£\r\n\r\n\r\n[b]·ç¸ñÖ÷ÌâºÍÄ£°æ[/b]\r\n\r\n[b]Ö÷Ìâ[/b]\r\n\r\nXoops ×Ô´øÁËÒ»Ð©¿ÉÑ¡µÄ·ç¸ñÖ÷Ìâ£¬ »òÕß³ÆÎª"Æ¤·ô"¡£»¹¿ÉÒÔ´Ó»¥ÁªÍøÏÂÔØµ½Êý°Ù¸öÏÖ³ÉµÄÆäËûÖ÷Ìâ£¬ÓÃ»§¿ÉÒÔ¸ù¾ÝËûÃÇµÄÏ²ºÃ¸Ä±ä Logo Í¼Æ¬ºÍÍâ¹Û¡£Êµ¼ÊÊ¹ÓÃ¹ý³ÌÖÐ£¬ÓÃ»§Ò»°ãÑ¡ÔñÒ»¸ö²¼¾Ö´óÖÂÊÊºÏ×Ô¼ºÐèÒªµÄ·ç¸ñÖ÷Ìâ£¬È»ºóÍ¨¹ýÐÞ¸Ä themes ÎÄ¼þ¼ÐÀïµÄ themes.html ºÍ style.css ÎÄ¼þÀ´¸Ä±äÍâ¹Û£¬Ò»Ð©Õ¾³¤ÒÑ¾­½¨Á¢ÆðÁË×Ô¼º¸öÐÔ»¯µÄÕ¾µã¡£\r\n\r\n¿´¿´Õâ¸öÀý×Ó\r\n\r\nÐ¡¼¼ÇÉ£ºµ±ÄãÔÚ themes ÎÄ¼þ¼ÐÖÐ±à¼­ theme.html »ò style.css ÎÄ¼þµÄÊ±ºò£¬Èç¹ûÄãÏ£ÍûÂíÉÏ¿´µ½Íâ¹ÛµÄ¸Ä±ä£¬Çë½øÈë¹ÜÀíÇø£¬ ²¢°ÑÊó±ê·ÅÔÚ ÏµÍ³¹ÜÀí Í¼±êÉÏ--È»ºóÑ¡Ôñ ÏµÍ³ÉèÖÃ ->Ò»°ãÉèÖÃ£¬ÕÒµ½ÕâÒ»À¸£º\r\n\r\n´Ó /themes/yourtheme/templates Ä¿Â¼¸üÐÂ template.html ÎÄ¼þ? \r\n\r\nÉèÖÃÎª ÊÇ\r\n\r\nÈô´ò¿ª´Ë¹¦ÄÜ£¬Ä£°åÎÄ¼þ½«×Ô¶¯´Ó /themes/yourtheme/templates Ä¿Â¼¸üÐÂ¡£ ÍøÕ¾ÕýÊ½ÔËÐÐºó£¬½¨Òé¹Ø±Õ¸Ã¹¦ÄÜ¡£\r\n\r\nÒª¸Ä±äÄãµÄ Logo Í¼Æ¬£¬Êó±êÓÒ»÷ÄãÕ¾µãÉÏµÄ Logo Í¼Æ¬²¢Ñ¡Ôñ"ÊôÐÔ"£¬ ¿ÉÒÔ¿´µ½ Logo Í¼Æ¬ÎÄ¼þµÄÂ·¾¶ºÍÃû³Æ¡£ÇëÔÚÄã·þÎñÆ÷ÏàÍ¬Î»ÖÃÉÏÓÃÄã×Ô¼ºµÄ Logo Í¼Æ¬´úÌæËü£¬ ²¢ÖØÃüÃûÎªÏàÍ¬µÄÃû³Æ¡£Í¼Æ¬µÄ´óÐ¡¿ÉÒÔÔÚ themes ÎÄ¼þ¼ÐÀïµÄ theme.html ÎÄ¼þÖÐ¸ü¸Ä¡£\r\n\r\n[b]Ä£°æ[/b]\r\n\r\n´ó¶àÊý·ç¸ñÖ÷ÌâÊ¹ÓÃ "default" Ä£°å£¬ Ä£°å¿ØÖÆ×ÅÍøÕ¾µÄ²¼¾ÖÒÔ¼°¸ö±ðÇø¿éºÍÄ£×éµÄÒ»Ð©ÐÐÎªºÍ¹¦ÄÜ¡£¶àÊýÏÖÓÐµÄ Xoops Ö÷Ìâ½ÔÒÔ"default" Ä£°åÎª»ù´¡£¬ X2t ·ç¸ñÓÐ×Ô¼ºµÄÄ£°å£¬¿ÉÒÔÔÚ Xoops °²×°°üµÄ extras ÎÄ¼þ¼ÐÀïÕÒµ½Ëü¡£\r\n\r\nÄã²»ÄÜ±à¼­Ä¬ÈÏµÄÄ£°å£¬±ØÐëÏÈ ¸´ÖÆ Ëü£¬È»ºóÔÙ±à¼­ ¸´ÖÆÆ·¡£\r\n\r\nÐ¡¼¼ÇÉ£º¸´ÖÆÄ¬ÈÏµÄÄ£°åÇëµ½ ÏµÍ³¹ÜÀí -> Ä£°å·ç¸ñ¹ÜÀí£¬ µã»÷ default Ä£°åºó ¸´ÖÆ £¬Äã¿ÉÒÔÈÎÒâÊäÈë¸´ÖÆµÄÄ£°åÃû³Æ¡£Xoops »á×Ô¶¯°²×°¸´ÖÆµÄÄ£°å£¬ È»ºóÇëµ½ ÏµÍ³¹ÜÀí -> ÏµÍ³ÉèÖÃ -> Ò»°ãÉèÖÃ °ÑËüÉèÖÃÎªÍøÕ¾µÄÄ¬ÈÏÄ£°å¡£\r\n\r\n»Øµ½ ÏµÍ³¹ÜÀí --> Ä£°å·ç¸ñ¹ÜÀí£¬ÏµÍ³Ä¬ÈÏµÄÄ£°åÓÒÃæÓÐÒ»¸ö¹´ºÅ¡£ Èç¹ûÄ³¸öÄ£¿éµÄÄ£°åÎÄ¼þÏÔÊ¾Îª "ºìÉ«" £¬ÄãÐèÒªµã»÷ Éú³É ²úÉúÄ£°åÁ´½Ó¡£\r\n\r\n\r\n\r\n[b]ÏµÍ³ÒªÇó[/b]\r\n\r\nXoops ±ØÐë°²×°ÔÚÖ§³Ö PHP ºÍ mySQL Êý¾Ý¿âµÄ·þÎñÆ÷ÉÏ¡£ÓÃ»§ÎÞÐè¶®µÃÈçºÎÊ¹ÓÃPHP±à³ÌºÍÈçºÎ¹ÜÀí mySQL Êý¾Ý¿â -- ÕâÐ©ÒÑÓÉ Xoops Íê³É¡£ÔÚ°²×°¹ý³ÌÖÐ£¬ Xoops ÔÚÊý¾Ý¿âÖÐÐ´ÈëËùÓÐÐèÒªµÄ±íµ¥¡£ÍøÕ¾¹ÜÀíÕßÐèÒªÖªµÀÊý¾Ý¿âÁ¬½Ó²ÎÊý£¬ËüÍ¨³£ÓÉ¿Õ¼ä·þÎñÉÌÌá¹©»ò×Ô¼ºÊ¹ÓÃcpanelÉèÖÃ¡£Xoops °²×°Ê±£¬Ö¸¶¨µÄÊý¾Ý¿â±ØÐëÒÑ¾­½¨Á¢¡£\r\n\r\n×¢Òâ£º XOOPS Ö»ÄÜÔËÐÐÔÚ PHP 4.1.0 °æÒÔÉÏÇÒÖ»Ö§³Ö mySQL Êý¾Ý¿â£¬Çë¼ì²éÄãµÄÖ÷»úÊÇ·ñÂú×ãÕâÐ©ÒªÇó¡£ \r\n\r\n\r\n[b]ÐéÄâÖ÷»ú[/b]\r\n\r\nÎªÄúµÄÕ¾µãÕÒµ½Ò»¸öºÏÊÊµÄÖ÷»ú¿Õ¼äÊÇ·Ç³£ÖØÒªµÄ¡£ÖªÃûµÄÖ÷»úÉÌ»áÌá¹©Âú×ã Xoops ÒªÇóµÄËùÓÐ¹¦ÄÜ£¬ºÍÒ»Ð©¶îÍâµÄÉèÖÃ¼°°²×°·þÎñÆ÷Ä£¿éÀ´Ê¹ Xoops ÆäËûÄ£¿éµÄÄ³Ð©¹¦ÄÜÉúÐ§¡£ÀýÈç£¬ÄãÏ£Íû°²×°¸öÈËÏà²áÄ£¿é£¬¾ÍÒªÔÚ·þÎñÆ÷¶Ë°²×° image-magic ¡£ÓÐÐ©Ö÷»ú¼¤»îÁË°²È«Ä£Ê½£¬µ¼ÖÂÒ»Ð©Ä£¿éµÄ¹¦ÄÜÊÜµ½ÏÞÖÆ¡£ ´ó²¿·Ö Xoops Ê¹ÓÃÕßºÍ¿ª·¢Õß¸üÏ²»¶Ê¹ÓÃ Cpanel ×÷ÎªºóÌ¨µÄ Unix ·þÎñÆ÷¡£\r\n\r\nÄãÒ²¿ÉÒÔÈ¥ Xoops µÄÂÛÌ³£¬·¢ÌùÌÖÂÛ¹ØÓÚÍÆ¼ö·þÎñÆ÷Ö÷»ú£¬ÄÇÀï»áÓÐºÜ¶à Xoops Ê¹ÓÃÕßµÄµÚÒ»ÊÖ¾­Ñé¿ÉÒÔÌá¹©¸øÄã¡£\r\n\r\nÒëÕß×¢£ºhttp://xoops.org.cn Ìá¹©Ãâ·Ñ¿Õ¼ä¸øÖÐÎÄ Xoops ÓÃ»§¡£\r\n\r\n\r\n[b]°²×°¸ÅÊö[/b]\r\n\r\n°ÑÏÂÔØµÄXoops°²×°°ü½âÑ¹ºóÍ¨¹ýFTP·½Ê½ÉÏ´«µ½·þÎñÆ÷Ö÷»úÉÏ¡£html ÎÄ¼þ¼ÐÖÐ°üº¬ÁËÐèÒªÉÏ´«µ½·þÎñÆ÷µÄ XoopsËùÓÐÄ¿Â¼ºÍÎÄ¼þ¡£\r\n\r\n¹ÜÀíÔ±ÐèÒªÏÈ´´½¨Ò»¸öÊý¾Ý¿â£¬»òÕßÓÐÈ¨ÏÞÄÜ¹»ÔÚ°²×°¹ý³ÌÖÐ´´½¨Êý¾Ý¿â¡£µ±ÔÚä¯ÀÀÆ÷ÖÐÊäÈëÍøÕ¾µØÖ·Ö®ºó£¬½«»á×Ô¶¯Ö´ÐÐ°²×°³ÌÐò¡£ÔÚ°²×°¹ý³ÌÖÐ£¬Êý¾Ý¿âÁ¬½ÓÐÅÏ¢ºÍÃÜÂëÐèÒªÓÃ»§×ÔÐÐÊäÈë¡£ÔÚ°²×°¹ý³Ì×îºó£¬½«´´½¨ Xoops ¹ÜÀíÔ±ÕÊºÅºÍÃÜÂë¡£\r\n\r\nÈ»ºó£¬¹ÜÀíÔ±¾Í¿ÉÒÔµÇÂ¼Õ¾µã£¬Ò»¸ö ¹ÜÀí Á´½Ó»á³öÏÖÔÚÓÃ»§²Ëµ¥ÖÐ¡£¹ÜÀíÁ´½Ó¿ÉÒÔÈÃ¹ÜÀíÔ±ÔÚºóÌ¨¹ÜÀíºÍÉèÖÃÍøÕ¾µÄÀ´¡£\r\n\r\n[b]XOOPS °²×°Ö¸ÄÏ[/b]\r\n\r\n·À»ðÇ½ºÍ Cookies\r\n\r\nÈç¹ûÍøÕ¾¹ÜÀíÔ±ÔÚ×Ô¼º¼ÆËã»úÉÏ°²×°ÁË·À»ðÇ½£¬ÄÇÃ´ Xoops Õ¾µãÓ¦¸Ã±»Ìí¼Óµ½·À»ðÇ½³ÌÐò°²È«ÍøÕ¾ÁÐ±íÀï£¬·ñÔòµÇÂ¼²»»á³É¹¦£¬ÕâÊÇÓÉÓÚ Xoops µÄ¿ª·¢ÍÅ¶Ó²ÉÓÃÁË±ØÒªµÄ°²È«´ëÊ©¡£\r\n\r\nÈ·ÈÏ cookies ÔÚÄãµÄä¯ÀÀÆ÷ÖÐÊÇ´ò¿ªµÄ\r\n\r\n\r\n[b]Xoops ÉèÖÃ[/b]\r\n\r\n°²×°Íê³Éºó£¬ÓÃ¹ÜÀíÓÃ»§ÃûºÍÃÜÂëµÇÂ½ Xoops£¬¹ÜÀíÇø Ñ¡Ïî½«³öÏÖÔÚÓÃ»§²Ëµ¥ÖÐ£¬µ¥»÷½øÈëÄãµÄÕ¾µã¹ÜÀíÇø¡£\r\n\r\n[b]¿ìËÙÉèÖÃ:[/b]\r\n\r\nÍøÕ¾µÄÒ»°ãÉèÖÃÇë½«Êó±êÎ»ÓÚ ÏµÍ³¹ÜÀí Í¼±êÉÏ Ñ¡Ôñ ÏµÍ³ÉèÖÃ  -> Ò»°ãÉèÖÃ£¬ ¿ÉÉèÖÃÕ¾µãÃû³Æ¡¢Íâ¹ÛÖ÷ÌâµÈÄÚÈÝ¡£\r\n\r\n½ÓÏÂÀ´·µ»Ø ÏµÍ³¹ÜÀí Ä£¿é£¬°´ÄúµÄÐèÒª°²×°ÐÂÎÅ¡¢ÂÛÌ³¡¢ÁªÏµ¡¢FAQµÈÄ£×é¡£\r\n\r\nÏÂÒ»²½½øÈë ÏµÍ³¹ÜÀí -> Çø¿é °²ÅÅÄúÒªÏÔÊ¾µÄÇø¿éºÍËüÃÇµÄÎ»ÖÃ¡£\r\n\r\n×îºó½øÈë ÏµÍ³¹ÜÀí -> Èº×é -> ÓÎ¿Í ÉèÖÃÄ£×éºÍÇø¿éµÄÊ¹ÓÃÈ¨ÏÞ¡ª¡ªÖ»ÐèÔÚÏàÓ¦µÄÄ£×éºÍÇø¿éÇ°´ò¹´¼´¿É¡£Í¬Ñù£¬Ò²¿ÉÒÔÉèÖÃÆäËûÈº×éµÄÈ¨ÏÞ£¬ÀýÈç×¢²áÓÃ»§¡£', 1, 1, 1, 1, 1),
(8, 5, 'ÏêÏ¸ÄÚÈÝ', 'ÏêÏ¸ÄÚÈÝÇë²Î¿¼ Xoops China [url=http://xoops.org.cn/uploads/doc/XoopsForDummies/]¡¶XOOPSÈëÃÅ¡·[/url]', 1, 1, 1, 1, 1),
(9, 6, '×ÜÔò', 'XOOPSÊÇÒ»¸öÈí¼þ°ü£¬ÊÇÒ»¸öÍøÕ¾ÈººÍÒ»¸ö±é²¼ÊÀ½ç¡¢·Ç³£ÓÑÉÆµÄÖ§³ÖÉçÇø¡£¶ø½«ÕâÈýÕß½ôÃÜÁªÏµÔÚÒ»ÆðµÄÊÇWEB-»¥ÁªÍøµÄÍ¼ÐÎ½çÃæ\r\n\r\nÎªÁËÁË½âÕâÐ©Õ¾µã£¬ÄúÖ»ÐèÒª½«ÄúµÄä¯ÀÀÆ÷Ö¸ÏòÈÎÒâÒ»¸öXOOPSÕ¾µã£¬È»ºóÄú½«¸ÐÊÜµ½ÉçÇøµÄÈÈÇéºÍÊµÁ¦¡£ÄúÁË½â¸ÃÈí¼þµÄ×îºÃ·½·¨ÊÇÏÂÔØ×îÐÂµÄÈí¼þ°ü£¬²¢¿ªÊ¼Ê¹ÓÃËü¡£Ê²Ã´£¿Ã»ÓÐÎÄµµ£¿ÊÇµÄ£¬ÎÒÃÇÖªµÀ£¨¼ÇµÃ²»£¿ÎÒÃÇÒ²ÊÇÄÇÑù¾­Àú¹ýÀ´µÄ£©¡£XOOPSÈ±·¦×ã¹»µÄºÃµÄÎÄµµ£¬ËäÈ»ÕâÓÐÐ§µÄ¼¤ÀøÐí¶àÍøÕ¾¹ÜÀíÔ±È¥ÑÐ¾¿XOOPS£¬µ«¶ÔÓÚ´ó¶àÊýÈËÀ´Ëµ£¬ÕâÈ·ÊµÊÇÒ»¼þÁîÈËÍ·Í´µÄÊÂÇé¡£\r\n\r\nÕâÒ²ÕýÊÇ´Ù³É±¾ÊÖ²áµÄ²¿·ÖÔ­Òò¡£ÔÚÒ»¸öÓÉ¾ßÓÐÏ×Éí¾«ÉñµÄxoopsers(»òxoopsers£¬Ò²±»³ÆÖ®ÎªXOOPS°®ºÃÕß£ºxoopies?)×é³ÉµÄÍÅ¶ÓÁìµ¼ÏÂ£¬XOOPSÎÄµµÏîÄ¿Õý»ºÂýµ«È·¶¨µÄ½øÐÐ×Å¸üÉîÈëºÍ¸ü¹ã·ºµÄÅ¬Á¦¡£\r\n\r\nÒò´Ë±¾ÊÖ²á½«ËµÃ÷XOOPSÈí¼þµÄÖ÷Òª¹¤×÷£¬Í¬Ê±±¾ÊÖ²áÐÅÏ¢×ã¹»ÏêÏ¸£¬Ò²¿É×÷Îª²Î¿¼Ö¸ÄÏ¡£ÒòÎªÒÑ¾­ÓÐÒ»¸ö½Ð×ö¡°XOOPS°²×°Ö¸ÄÏ£¨XU-002£©¡±µÄÎÄµµ£¬ËùÒÔÎÒÃÇÔÚ±¾ÎÄµµÖÐ½«¼ÙÉèÄúÒÑ¾­°²×°ÁËXOOPSÈí¼þ°üÇÒÒÑ¾­ÓµÓÐÁËÒ»¸öÕýÔÚÔËÐÐµÄXOOPSÕ¾µã¡£ÔÚÕâÀïÎÒÃÇ½«Õë¶Ô¶Ô³£¼ûµÄÎÊÌâ£ºÔÚ°²×°XOOPSÖ®ºóÎÒ¸ÃÔõÃ´°ì£¿\r\n\r\nok£¬Èç¹ûÄúÒÑ¾­×¼±¸ºÃÁË£¬ÈÃÎÒÃÇ¿ªÊ¼°É¡£\r\n\r\nXOOPSÊÇÒ»¸ö¹ÜÀí¶¯Ì¬Õ¾µãµÄ¹¤¾ß¡£Õâ¸ö¼òµ¥µÄ¶¨Òå¿ÉÒÔÈÃÄú³õ²½Áì»áµ½´Ë³öÉ«Èí¼þ°üµÄÓÃ´¦¡£µ«ËüÊÇÈç´ËÁýÍ³Ïàµ±ÓÚÉ¶Ò²Ã»Ëµ¡£ÈÃÎÒÃÇÔÙ³¢ÊÔ¶¨ÒåÒ»ÏÂ£ºXOOPSÊÇÒ»¸ö¿ª·ÅÔ´´úÂëµÄÓÃPHPÓïÑÔ±àÐ´µÄ½Å±¾¼¯£¬ÔÚ°²×°µ½Ò»¸öÖ§³ÖPHPÓïÑÔ¡¢ÓÐÏñapacheÒ»ÑùµÄweb·þÎñÆ÷¡¢ÓÐmysqlÊý¾Ý¿âµÄ»¥ÁªÍøÖ÷»úÉÏºó£¬Ëü¿ÉÒÔÇáËÉ´´½¨¶¯Ì¬µÄ¡¢¸´ÔÓµÄÒÔ¼°ÄÚÈÝ·á¸»µÄwebÕ¾µã£¬´Ó¼òµ¥Èç¸öÈËblogµ½¸´ÔÓÈç¹«Ë¾ÃÅ»§¡£\r\n\r\nXOOPSÒâË¼ÊÇ¿ÉÀ©Õ¹ÃæÏò¶ÔÏóÃÅ»§ÏµÍ³£¨eXtensible Object Oriented Portal System£©£¬ËäÈ»ÓÐÐ©ÈË°ÑËü½Ð×ö¡°ex-oh-oh-pi-es¡±£¬Êµ¼ÊÉÏXOOPSµÄ±ê×¼·¢Òô¸üÏñ¡°zoops¡±¡£\r\n\r\nXOOPSÆðÔ´ÓÚÆäËüµÄ¿ª·ÅÔ´´úÂëÏîÄ¿£¬ËüÊÇ¹ÅÀÏµÄ¡°PHPNuke¡±µÄºó´ú£¬ÑÜÉúÓÚÆäÒ»¸ö·ÖÖ§¡ª¡ª¡°myPHPNuke¡±¡£Æä´ó²¿·Ö¶¼±»³¹µ×ÖØÐ´£¬ËäÈ»ÔÚ½Å±¾ÀïÃæÈÔÈ»´æÔÚ×ÅÒ»Ð©¹ÅÀÏµÄ´úÂë¡£\r\n\r\nÏñËüµÄ×æÏÈÒ»Ñù£¬XOOPSÖ÷ÒªÃæÏòÉçÇøÕ¾µãµÄ½¨Éè£¬µ«Ëü×ã¹»Áé»î¿ÉÒÔÓÃÓÚµ¥¹ÜÀíÔ±Õ¾µã£¨Èçblog£©»òÕßÆóÒµÃæÏòÄÚÈÝµÄÃÅ»§Õ¾µã¡£\r\n\r\nÔÚ±¾½éÉÜÕÂ½ÚÖÐ£¬ÎÒÃÇ½«´ó¸ÅÁË½âÏÂXOOPSµÄÖ÷Òª¹¦ÄÜ£¬ÔÚºóÃæµÄÕÂ½ÚÀïÎÒÃÇÏêÏ¸½âÊÍXOOPSÊÇÈçºÎÕ¹ÏÖËüµÄÄ§Á¦µÄ¡£', 1, 1, 1, 1, 1),
(10, 6, 'XOOPSºËÐÄ', 'Ò»¸ö¼òµ¥µÄ·½·¨ÊÇ½«XOOPSÏëÏó³ÉÒ»¸ö´óµÄÉÌ³¡£¬Ò»¸ö´óµÄÉÌ³¡¿ÉÒÔÈÝÄÉ¸÷ÖÖ¸÷ÑùµÄµêÆÌ¡¢ÂòÂôÒÔ¼°·þÎñ£¬ÔÚÉÌ³¡µÄ×ÜÌå¿ò¼ÜÏÂÃ¿Ò»ÖÖ¶¼ÓÐ×Ô¼ºµÄÌØÉ«¡£´ÓÍâÃæ¿´£¬ÉÌ³¡ÓÐ¾Þ´óµÄ´°»§ÒÔÕ¹Ê¾Ò»Ð©¿ÉÒÔÔÚÆäÄÚ²¿ÕÒµ½µÄÉÌÆ·¡£¶ÔÓÚÄÇÐ©¸öÈËµêÆÌÒµÖ÷À´Ëµ£¬ÉÌ³¡¾ÍÏñÒ»¸ö´óº£¹ê¿Ç£¬Ëü²»½öÌá¹©ÎïÀí¿Õ¼ä£¬»¹Ìá¹©ºÜ¶à»ù±¾µÄ·þÎñ£ºµç¡¢Ë®¡¢¿Õµ÷¡¢ÐÐÏú¡¢°²È«¡¢Í£³µµÈµÈ¡£\r\n\r\nÈÃÎÒÃÇ´ÓÕâ¸ö±ÈÓ÷³ö·¢À´¿´¿´XOOPS¡£ËüÊÇÒ»¸öÍâ¿Ç£¬ÎªËûµÄ×â¿ÍÌá¹©·þÎñ¡£Äú¼û¹ýÒ»¸öÃ»ÓÐµêÆÌµÄÉÌ³¡Ã»ÓÐ£¿ÄúÃ»ÓÐÀíÓÉÈ¥Ò»¸öÕâÑùµÄÉÌ³¡£¬¶ÔXOOPSÀ´Ëµ£¬Ò»ÑùµÀÀí£¬Èç¹ûÄúÖ»¿´µ½ÁËÍâ¿Ç£¬ÄÇÄúÃ»ÓÐÊ²Ã´ÀíÓÉÀ´·ÃÎÊXOOPSÕ¾µã¡£\r\n\r\nÄ£¿é£¨modules£©¾ÍÊÇÉÌ³¡µÄ×â¿Í¡£Èç¹ûXOOPS£¨ÉÌ³¡£©ÊÇÒ»×éÌá¹©ÁË¶¯Ì¬webÕ¾µãµÄ»ù±¾¿ò¼ÜµÄ½Å±¾£¬ÄÇÃ´Ä£¿é£¨×â¿Í£©ÊÇÒ»¶ÑÎªÕ¾µã·ÃÎÊÕßÌá¹©ÌØÊâÄÚÈÝµÄÈí¼þ°ü¡£Ò»¸öÄ£¿éÌá¹©ÐÂÎÅ£»Ò»¸öÌá¹©Ïà²á£»Ò»¸öÌá¹©ÂÛÌ³£¬»¹ÓÐÌá¹©ÏÂÔØÎÄ¼þµÄÄ£¿é¡£ËùÓÐÕâÐ©ÊÇÎªÁËÂú×ãÓÃ»§·ÃÎÊÕ¾µãµÄÐèÒª¡£ÏñÉÌ³¡Ò»Ñù£¬´Ó×ÜÌåÀ´¿´£¬ÆäÐ§¹ûÒª´óÓÚ¸÷¸ö²¿·ÖµÄ¼òµ¥Ïà¼Ó¡£\r\n\r\nÔÚÆäËü·½ÃæÄ£¿éÒ²ÏñÉÌ³¡µÄ×â¿ÍÂð£¿ÊÇµÄ£¬½«Ä£¿é°²×°µ½Õ¾µãÉÏ£¬±ØÐëÒª×ñÑ­Ò»Ð©¹æÔò£¬Æä²¿·ÖÊÇ±àÂë¹æÔò£ºÈç¹ûÒ»¸öÄ£¿éÃ»ÓÐÒ»¸öÃûÎªxoops_version.phpµÄÎÄ¼þ£¬XOOPS¾Í²»»áÏþµÃ¸ÃÄ£¿éµÄ´æÔÚ£¬Èç¹û¸ÃÄ£¿é²»»áÀûÓÃXOOPSÕâ¸ö¡°ÉÌ³¡¡±Ìá¹©µÄ·þÎñ£¬Ëü¾ÍÐèÒª´óÁ¿µÄ´úÂëÀ´ÊµÏÖÒ»Ð©Í¨ÓÃµÄ¹¦ÄÜ¡£¶øXOOPSÒÑ¾­Ìá¹©¸øÄ£¿éÒ»Ð©·þÎñ£ºÈçÓÃ»§¹ÜÀí¡¢°²È«¡¢½á¹¹¡¢º¯ÊýºÍÀàµÈ¡£»¹ÓÐÒ»Ð©Õ¹Ê¾¹æÔò¡£ÈçÍ¬ÉÌ³¡ÀïµÄµêÆÌ²»µÃ²»×ñÑ­½¨ÖþÎïµÄ±àÂëÒ»Ñù£¬XOOPSµÄÄ£¿é²»µÃ²»×ñÑ­ÌØ¶¨µÄ¹æÔò£¬ÒÔ´´½¨Çø¿éºÍÊ¹ÓÃSmartyÄ£°åÒýÇæÀ´Õ¹Ê¾ÄÚÈÝ¡£\r\n\r\nÔÚÍâÇ½£¬ÉÌ³¡ÓÃµêÆÌµÄ³÷´°À´Õ¹Ê¾ÆäÖÐµÄµêÆÌ£¬¶øXOOPSÓÃÇø¿éÀ´Õ¹Ê¾ÆäÄÚ²¿µÄÄ£¿é¡£ÉÌ³¡µÄ¹ÜÀíÔ±¾ö¶¨ÓÃÊ²Ã´ÉÌÆ·À´×°µãµêÆÌµÄ³÷´°£¬ÏàÓ¦µÄµÄ£¬XOOPSµÄÍøÕ¾¹ÜÀíÔ±¾ö¶¨ÓÃÄÄÐ©Çø¿éÀ´×°µãÍøÕ¾µÄÊ×Ò³¡£\r\n\r\nÈÃÎÒÃÇ²»ÔÙ¼ÌÐøÕâ¸ö±ÈÓ÷£¬ÔÙ¼ÌÐøÏÂÈ¥»áÏÔµÃºÜ»¬»ü£¬·ñÔòÎÒÃÇÐèÒªËµÃ÷Ò»ÏÂXOOPSÕâ¸öÉÌ³¡Ïà¶ÔÓÚÕæÊµÉÌ³¡µÄÓÅÊÆ£º¿ÉÒÔÔÚ²»Í¬ÌØÉ«µÄÍâ¹ÛÀïÇÐ»»£¨ÀûÓÃÄ£°å·ç¸ñ£¬ÔÚÆäËüµØ·½Ò²±»³ÆÖ®Îª¡°Æ¤·ô¡±£©£¬¿ÉÒÔÇáËÉµÄ¸Ä±äÖ÷Ò³µÄ½á¹¹¡¢Ä£¿éµÄ±êÌâµÈµÈ¡£µ«»ù±¾µÄË¼ÏëÊÇÓÐÓÃµÄ£¬XOOPSÏµÍ³¿ÉÒÔÇå³þµØ·ÖÎªÈý¸ö»ù±¾×é³É²¿·Ö£º\r\n\r\n¡°ºËÐÄ¡±£¬Ìá¹©ÍøÕ¾µÄ»ù±¾¹¦ÄÜ£¬ºËÐÄ»¹Ìá¹©Ò»Ð©¶îÍâµÄ¹¦ÄÜ£¬Èç£ºÍ¨ÖªÑ¡Ïî£¬ÔÚÄ£¿éÄÚÈÝ·¢ÉúÄ³Ð©±ä»¯Ê±£¬ÓÃ»§¿ÉÒÔµÃµ½Í¨Öª£»ÆÀÂÛÏµÍ³£¬ÓÃ»§¿ÉÒÔ¶ÔÄ³Ð©ÄÚÈÝÁôÏÂÆÀÂÛ£»°²×°³ÌÐò£¬¿ÉÒÔÊ¹µÃÂú×ã»ù±¾¹¦ÔòµÄÄ£¿é×Ô¶¯µÄ¡°ÈÚÈë¡±Õ¾µã¡£\r\n\r\n¡°Ä£¿é¡±£¬±£´æÍøÕ¾ÕæÕýµÄÄÚÈÝ£¬¿ÉÒÔ¼òµ¥µ½Ò»¸öÏÔÊ¾Ã¿ÈÕ¸ñÑÔµÄÇø¿é£¬Ò²¿ÉÒÔ¸´ÔÓµÄÈçÒ»¸öÊµÏÖÍøÉÏµç×ÓÉÌÎñ¹¦ÄÜµÄÈí¼þ°ü¡£ \r\n\r\n¡°Çø¿é¡±£¬Ä£¿éÄÚÈÝµÄ¡°³÷´°¡±£¬ÓÐÐ©Çø¿éÊÇµ¥¶À´æÔÚµÄ¡£. \r\n\r\n\r\nXOOPSºËÐÄÊµ¼ÊÉÏÊÇÒ»Ð©¾­¹ýÕýÈ·ÉèÖÃµÄÏà¹ØPHPÎÄ¼þ£¬ËüÌá¹©ÁËÍøÕ¾Õý³£ÔË×÷ËùÐèÒªµÄ¹¦ÄÜ£¬ÕâÐ©¹¦ÄÜ¶ÔÓÚÍøÕ¾ÓÃ»§À´Ëµ\r\n´ó¶à±»ÍêÈ«Òþ²ØÁË£¬Ö»ÊÇ±»Ä£¿éÊ¹ÓÃÒÔÕý³£¹¤×÷¡£¸ü¶àµÄ¹¦ÄÜÍ¨¹ý¡°ÏµÍ³¡±Ä£¿é¶ÔÓÃ»§ºÍÍøÕ¾¹ÜÀíÔ±ÊÇ¿É¼ûµÄ£ºËûÃÇÌá¹©¸øÓÃ»§Ò»Ð©»ù±¾¹¦ÄÜ£¬Èç£ºµÇÂ¼¹ý³Ì¡¢Ö÷²Ëµ¥ºÍÓÃ»§²Ëµ¥¡¢Ë­ÔÚÏßµÄÌáÊ¾¡¢Ê¹ÓÃËÑË÷¹¦ÄÜ¡¢ºÍÒ»Ð©·ç¸ñ×ª»»¹¦ÄÜµÈµÈ¡£ºËÐÄºÍ¡°ÏµÍ³¡±Ä£¿é»¹Ìá¹©¸øÍøÕ¾¹ÜÀíÔ±Ò»¸ö¹ÜÀíÇø£¬ÓÃÀ´¹ÜÀíÍøÕ¾¡£\r\n\r\n×Ü¶øÑÔÖ®£¬XOOPSºËÐÄ¶ÔÓÚÀàºÍº¯ÊýµÄµ÷ÓÃ£¬Òþ²Ø×Å¾Þ´óµÄÄÜÁ¦£¬ËüÌá¹©ÁË¹¦ÄÜÐÔµÄ¿ò¼Ü½á¹¹¡¢Ä£°æÒýÇæ¡¢¶ÔÓÚ¶àÓïÑÔµÄ´¦ÀíµÈµÈ¡£ËüÍ¨¹ý¡°ÏµÍ³¡±Ä£¿éÀ´²¿·ÖÊµÏÖÕâÐ©¹¦ÄÜ£¬¡°ÏµÍ³¡±Ä£¿éÒ²ÊÇXOOPSÈ±Ê¡°²×°µÄÎ¨Ò»Ä£¿é¡£ÍøÕ¾¹ÜÀíÔ±¿ÉÒÔ¾ö¶¨ÔÙ°²×°ÄÄÐ©Ä£¿éÒÔÍêÉÆÍøÕ¾¡£', 1, 1, 1, 1, 1),
(11, 6, 'Ä£¿é', 'ÕýÈçÒÔÇ°ËùËµ£¬Ä£¿éÊÇÒ»¸öÈí¼þ£¬ËüÀûÓÃXOOPSÌá¹©µÄ»ù±¾¹¦ÄÜ£¬ÈÃÍøÕ¾¹ÜÀíÔ±ÒÔ·½±ãÒ×ÓÃµÄweb½çÃæÌá¹©¸øÍøÕ¾ÓÃ»§¶¯Ì¬»òÕß¾²Ì¬µÄÄÚÈÝ¡£ \r\n\r\nXOOPSµÄ²¿·ÖÄÜÁ¦ÔÚÓÚÄ£¿éµÄ¹ÜÀí·½Ê½¡£ÍøÕ¾¹ÜÀíÔ±¿ÉÒÔÇáËÉµÄ°²×°¡¢Ð¶ÔØ¡¢Æô¶¯¡¢Í£ÓÃÈÎÒâÄ£¿é£¨ÏÔ¶øÒ×¼û£¬³ýÁË¡°ÏµÍ³¡±Ä£¿é£©¡£»¹¿ÉÒÔ½«Ä£¿é¸üÃû£¬ÒÔ¼°¾ö¶¨ÔÚÍøÕ¾²Ëµ¥ÀïÀïÄ£¿éµÄÏÔÊ¾Ë³Ðò£¬Èç¹ûÄú¾ö¶¨ÈÃËüÃÇÏÔÊ¾³öÀ´µÄ»°¡£ÄúÒ²¿ÉÒÔÌá¹©Òþ²Ø¹¦ÄÜ£¬¶ÔÄ³Ð©Æô¶¯ÁËµÄÄ£¿é¶¨ÒåÎª¶Ô·ÇÕýÊ½ÓÃ»§Îª²»¿É¼û¡£ ÀýÈç£¬Äú¿ÉÒÔ°²×°Ò»¸öÐÂÎÅÄ£¿é£¬±à¼­ËüµÄxoops_version.phpÎÄ¼þ£¬ÈÃËüµÄ°²×°Ä¿Â¼ÄÑÒÔ±»ÈË²Âµ½£¨±ÈÈç£ºgaeqhweas£©£¬È»ºó½«ÆäµÄ²Ëµ¥Î»ÖÃ¶¨ÒåÎª0£¬½«¸ÃÄ£¿é¶¨ÒåÎª²»¿É¼û¡£È»ºó·¢ËÍË½ÐÅ¸øÓÃ»§µÄÖÐ¼á·Ö×Ó£¬¸æËßËûÃÇÖ±½ÓÇÃÈëURL£¨Èç http://www.yoursite.com/gaeqhweas£©¡£À´·ÃÎÊ¸ÃÄ¿Â¼¡£ËûÃÇ¾ÍÄÜ¹»Ïñ·ÃÎÊÕý³£µÄÐÂÎÅÄ£¿éÒ»ÑùÊ¹ÓÃ¸ÃÄ£¿é¡£ \r\n\r\nÖÁ½ñÎªÖ¹£¬XOOPS·¢²¼Ê±°üÀ¨Ò»ÏµÁÐ¡°¹Ù·½¡±»òÕß¡°ºËÐÄ¡±Ä£¿é¡£ºÜ¿ì½«²»ÔÙÓÐ¡°¹Ù·½¡±Ä£¿é£¬Ò²¾ÍÊÇËµ£¬XOOPS½«×÷ÎªÒ»¸ö¿ò¼Ü»òÕß²Ù×÷ºËÐÄ·¢²¼¡£ÁíÒ»·½Ãæ£¬½«ÓÐÒ»¸ö·ûºÏµÄ³ÌÐòÓÃÀ´¶ÔÓÚÄÇÐ©ÓÉxoopserÃÇ¿ª·¢µÄ£¬ÄÜ¹»ÔÚXOOPS¿ò¼ÜÏÂÕý³£ÔËÐÐµÄÄ£¿é½øÐÐ¼ø¶¨¡£ºÏ¸ñµÄÄ£¿é½«»á±»±êÎª¡°ºË×¼¡±£¬²¢±»XOOPSºËÐÄÍÅ¶ÓÈÏ¿ÉÎª£º¿ÉÒÔÔÚXOOPSÍøÕ¾ÉÏ°²È«µÄÊ¹ÓÃ¡£', 1, 1, 1, 1, 1),
(12, 6, 'Çø¿é', 'Çø¿é¾ÍÏñ±¨Ö½µÄÍ·°æ£ºËûÃÇÎüÒý¶ÁÕßÔÄ¶ÁÔÚÄÚÒ³ÀïµÄÍêÕû±¨µÀ¡£Çø¿éÌá¹©Ð¡²¿·Ö¶¯Ì¬ÄÚÈÝºÍ´æ´¢ÔÚÄ£¿éÀïÕæÕýÄÚÈÝµÄÁ¬½Ó¡£ \r\n\r\nµ±Ò»¸öÄ£¿é°²×°µ½Ò»¸öXOOPSÕ¾µãºó£¬¸ÃÄ£¿éµÄÇø¿é¾ÍÔÚÏµÍ³ÀïµÇ¼Ç£¬ÍøÕ¾¹ÜÀíÔ±¾Í¿ÉÒÔËæÐÄËùÓûµÄÊ¹ÓÃËüÃÇ¡£ \r\n\r\nÍøÕ¾¹ÜÀíÔ±ÊÇÔõÃ´Ñù´¦ÀíÇø¿éµÄÄØ£¿ ´ó¶àÊ±ºò£¬ÊÇ¾ö¶¨Çø¿éÔÚÍøÕ¾µÄºÎ´¦ÏÔÊ¾£¨µÈÍ¬ÓÚ¶¨ÒåµêÆÌµÄ³÷´°£¬ÊÇÔÚÍâ²¿ÏÔÊ¾-Ö÷Ò³£¬»¹ÊÇÔÚÄÚ²¿ÏÔÊ¾-Çø¿é¿ÉÒÔÏÔÊ¾ÔÚÆäËûÄ£¿éÄÚ²¿£©£¬ºÎÊ±ÏÔÊ¾ÒÔ¼°ÔÚÄ³Ò³µÄºÎ´¦ÏÔÊ¾¡£ \r\n\r\nÃ¿Ò»¸ö°²×°ÔÚXOOPSÕ¾µãµÄÄ£¿é¶¼»áÔÚÏµÍ³ÀïµÇ¼ÇËüµÄÇø¿é£¬ÍøÕ¾¹ÜÀíÔ±ÄÜ¹»¾ö¶¨ÔÚºÎ´¦ÏÔÊ¾Ëü£¬ÒÔ¼°ÔÚÍøÒ³µÄÄÄ¸ö²¿·ÖÏÔÊ¾£¬ÒÔ¼°ÊÇÊ²Ã´ÑùµÄÏà¹Ø¶È¡¢·ÖÁ¿ÒÔ¼°Î»ÖÃ¡£ÍøÕ¾¹ÜÀíÔ±»¹¿ÉÒÔ±à¼­Çø¿éµÄ±ê¼Ç£¬Èç¹ûÓÐ×ã¹»¼¼ÇÉµÄ»°£¬»¹¿ÉÒÔ±à¼­Çø¿éÏÔÊ¾µÄÄ£°å¡£', 1, 1, 1, 1, 1),
(13, 6, 'ÓÃ»§ÓëÈº×é', 'XOOPSºËÐÄ¹¦ÄÜÖ®Ò»ÊÇÒ»¸ö½¡×³ÎÈ¶¨µÄÓÃ»§¹ÜÀíÏµÍ³¡£ÔÙ»Øµ½ÎÒÃÇÇ°ÃæÓÃµ½µÄÉÌ³¡¡°±ÈÓ÷¡±£¬¾ÍÏñÊÇËµXOOPSÉÌ³¡¹ÜÀíÔ±¸ù¾Ý·Ã¿ÍµÄ²»Í¬£¬Õ¹ÏÖÔÚÆäÃæÇ°µÄÊÇ²»Í¬µÄÉÌ³¡¡£XOOPSÍøÕ¾¹ÜÀíÔ±¿ÉÒÔ½¨Á¢Ò»¸öÍøÕ¾£¬¶ÔÓÚÄ³Ð©ÓÃ»§Ê²Ã´¶¼²»Ìá¹©£¬¶ÔÓÚÁíÍâÒ»Ð©ÓÃ»§Ìá¹©²¿·ÖÄÚÈÝ£¬¶ÔÊ£ÏÂµÄÓÃ»§Ìá¹©È«²¿ÄÚÈÝ¡£ \r\n\r\nÓÉÓÚXOOPS³öÉíÓÚ´òÔìÔÚÏßÉçÇøµÄÏµÍ³£¬ËûµÄÓÃ»§¹¦ÄÜÒ²ÌåÏÖ³öÕâÒ»µã¡£XOOPSÍøÕ¾¹ÜÀíÔ±¿ÉÒÔ¸ù¾ÝÐèÒª¶¨ÒåÐí¶àÓÃ»§Èº×é¡£ \r\n\r\nXOOPS±»È±Ê¡ÅäÖÃÎª3¸öÓÃ»§Èº×é£ºÄäÃûÓÃ»§£¬ËûÃÇ¿ÉÒÔÖ±½Ó·ÃÎÊ±»¹ÜÀíÔ±ÅäÖÃÎª¶ÔÆä¿ª·ÅµÄÄÚÈÝ£»×¢²áÓÃ»§£¬ËûÃÇÍ¨³£ÔÚµÇÂ¼ÍøÕ¾Ö®ºó¿ÉÒÔ·ÃÎÊ¸ü¶àÄÚÈÝ£»¹ÜÀíÔ±£¬ËûÃÇ¿ÉÒÔ¹ÜÀíÍøÕ¾µÄ²»Í¬²¿·Ö¡£ÍøÕ¾µÄ¹ÜÀíÔ±¿ÉÒÔÎªÕâ¸öÈº×éÖÐµÄÓÃ»§·ÖÅä¶ÔÓÚÄ³Ð©Ä£¿é²»Í¬µÄ¿ØÖÆÈ¨Á¦¡£ \r\n\r\nÍøÕ¾¹ÜÀíÔ±¿ÉÒÔÒÔ²»Í¬µÄÌõ¼þÀ´ËÑË÷ÓÃ»§£¬²¢ÏòÈº×éÓÃ»§ºÍ×ÓÈº×éÓÃ»§·¢ËÍÓÊ¼þ»òÕßË½ÈË¶ÌÏûÏ¢¡£\r\n\r\nÖÁÓÚÓÃ»§£¬ËûÃÇ¿ÉÒÔ·ÃÎÊ×Ô¼ºµÄ¸öÈË×ÊÁÏ£¬²¢¶ÔÓÚÆäÖÐ´ó²¿·Ö×ÊÁÏ¿ÉÒÔ¾ö¶¨¶ÔÆäËûÓÃ»§ÊÇ·ñ¿É¼û£¬»¹ÓµÓÐÒ»¸ö¿ÉÒÔ½ÓÊÜÍøÕ¾¹ÜÀíÔ±»òÆäËûÓÃ»§Ë½ÈË¶ÌÏûÏ¢µÄÊÕ¼þÏä¡£ËûÃÇ»¹¿ÉÒÔ¾ö¶¨ÍøÕ¾µÄÄÄÐ©±ä»¯¿ÉÒÔ¼¤·¢¸öÈËÍ¨Öª¡£¸ù¾ÝÍøÕ¾¹ÜÀíÕßËùÉèµÄÈ¨ÏÞ£¬ËûÃÇÄÜ¹»¿´µ½ÍøÕ¾ÄÚÈÝºÍ²ÎÓëµ½ÍøÕ¾µÄÈÕ³£Éú»îÖÐÀ´£¬Èç£ºÉÏ´«ÄÚÈÝ£¬×«Ð´±¨µÀºÍÆÀÂÛ£¬ÎªÍøÕ¾ÄÚÈÝ´ò·Ö£¬Ò»°ãÀ´Ëµ£¬¾ÍÊÇÎªËûÃÇÔÚÍøÕ¾Ëù¿´µ½µÄ¸ø³ö×Ô¼ºµÄ·´À¡»ØÓ¦¡£\r\n\r\n×Ü½áÒ»ÏÂ£¬XOOPSÌá¹©¸øÍøÕ¾¹ÜÀíÕßºÜ´óµÄÈ¨Á¦£¬¿ÉÒÔ¿ØÖÆÍøÕ¾µÄÓÃ»§ÈçºÎ·Ö×é£¬ÒÔ¼°¶ÔÓÚ²»Í¬µÄÈº×éÔÚÍøÕ¾µÄ²»Í¬ÇøÓòÄÜ¹»¿´µ½Ê²Ã´ºÍ×öÊ²Ã´¡£', 1, 1, 1, 1, 1),
(14, 6, 'ÄÚÈÝ', 'Äú¼û¹ýÊ§°ÜµÄÉÌ³¡Âð£¿ ÓÐÒ»Ð©ÉÌ³¡£¬ËüÃÇÓÐºÃµÄµêÆÌ£¬×ã¹»ºÃµÄ×éÖ¯£¬Á¼ºÃµÄ¼Ü¹¹£¬µ«·Ã¿ÍºÜÉÙ£¬ËüÃÇ²»¶ÏË¥ÂäÖ±µ½¹ÜÀíÕß»òÕßÒµÖ÷½«Æä¹Ø±Õ¡£Í¬ÑùµÄÊÂÇéÄÜ¹»·¢ÉúÓÚXOOPSÍøÕ¾£ºÓÐÓÅÐãµÄÄ£¿é£¬×ã¹»ºÃµÄ·ç¸ñ£¬ËùÓÐ±ØÒªµÄ¹¦ÄÜ£¬µ«ÎüÒý²»ÁË·Ã¿Í¡£\r\n\r\nÎªÊ²Ã´£¿ÕâÊÇÒ»¸öÄÑÓÚ»Ø´ðµÄÎÊÌâ£¬µ«´ð°¸Í¨³£ÔÚÓÚÄÚÈÝ¡£ÔÚwebÉÏ£¬ÄÚÈÝÎªÍõ¡£Èç¹ûÄúÓÐÒ»¸öÓÅÐãµÄÐÂÎÅÄ£¿é£¬µ«ÄúÃ¿Á½¸öÔÂ¸üÐÂÒ»´Î£¬»òÕßÐÂÎÅÌõÄ¿¶¼×«Ð´µÄºÜÔã¸â£¬»òÕß¶ÔÓÚÓÃ»§Ò»µã¶¼²»ÊµÓÃ£¬ËûÃÇÎªÊ²Ã´Òª¾­³£À´·ÃÎÊÄØ£¿\r\n\r\n¶ÔÓÚÒ»¸ö³É¹¦µÄÍøÕ¾À´Ëµ£¬ÄÚÈÝÊÇ·Ç³£¹Ø¼üµÄ¡£¹ýÈ¥ºÜ¶àÍøÕ¾¹ÜÀíÔ±±§Ô¹Ëµ£º¸úÉÏinternetµÄ·è¿ñ½Ú×àÊÇ¶àÃ´µÄÀ§ÄÑ¡£±ä¸üÍøÕ¾ÄÚÈÝ£¿·èÁËÂð£¿Ë­ÓÐÊ±¼ä¸ü¸ÄÄÄÐ©HTML´úÂë£¿ÍøÕ¾¹ÜÀíÆ÷µÄ³öÏÖ¸Ä±äÁËÕâÒ»ÇÐ£¬ËüÍ¨¹ýweb½çÃæ¿ÉÒÔÇáËÉµÄ¸üÐÂÄÚÈÝ¡£XOOPSµÄ¼Ü¹¹Ìá¹©¸øÄ£¿éºÜ¶àµÄÄÜÁ¦ÒÑ¶¨ÒåÓÅÐãµÄÄÚÈÝ¹ÜÀí½çÃæ£¬ËùÒÔ×÷ÎªÒ»¸öXOOPSÍøÕ¾¹ÜÀíÔ±£¬ÄúÖ»Ðè¹ØÐÄÏÔÊ¾Ê²Ã´ÄÚÈÝ¶ø²»ÊÇÈçºÎÈ¥ÏÔÊ¾Ëü¡£\r\n\r\nXOOPSÍøÕ¾µÄÄÚÈÝ´æ´¢ÔÚMysql¹ØÏµÊý¾Ý¿âÖÐ£¬ËùÒÔÄú¿ÉÒÔÇáËÉµÄ»Ö¸´¡¢´æ´¢¡¢´ò°ü»òÕßÊ¹ÓÃËüÃÇ¡£', 1, 1, 1, 1, 1),
(15, 6, 'ÓïÑÔ', 'XOOPSÏÖÔÚÒÑ¾­¾ß±¸¶àÓïÑÔ¹¦ÄÜ£¬¿ÉÒÔ½«ÍøÕ¾¶¨ÒåÎªÄ³Ò»ÌØ¶¨µÄÓïÑÔ£¬È»ºó¸ù¾ÝÓÃ»§µÄÑ¡Ïî×ÔÐÐÇÐ»»;¿ÉÒÔ±à¼­ÍøÕ¾µÄËùÓÐ×Ö·û´®£¬¶ø²»ÐèÒªÉæ¼°´úÂë¡£ËùÓÐµÄ×Ö·û´®´æ´¢ÔÚÓïÑÔÎÄ¼þÀï£¬¿ÉÒÔºÜÇáËÉµÄ½«XOOPS·­ÒëÎªÄúÌØÊâµÄÓïÑÔ¡£\r\n\r\nXOOPS³¹µ×Ö§³Ö¶à×Ö½ÚÓïÑÔ£¬Ò²¾ÍÊÇËµËü¿ÉÒÔÓÃÓÚÈÕÎÄ¡¢ÖÐÎÄ£¨¼ò¡¢·±Ìå£©¡¢º«ÎÄµÈÍøÕ¾¡£\r\n\r\nÓÉÓÚXOOPSÉçÇø±é²¼È«ÊÀ½ç£¬ºÜ¿ÉÄÜÒÑ¾­´æÔÚÒ»¸öÄãËùÐèÒªµÄÌØ¶¨ÓïÑÔµÄÖ§³ÖÉçÇø¡£È«ÊÀ½çÒÑ¾­ÓÐÊýÊ®¸öÖ§³ÖÕ¾µã£¬ºÜ¶àxoopserÒÑ¾­½«ÓïÑÔÎÄ¼þ·­ÒëÎªºÜ¶àÓïÑÔ£¬ÄãÖ»ÐèËÑË÷ºÍ´òÌýÒ»ÏÂ¡£', 1, 1, 1, 1, 1),
(16, 6, '·ç¸ñÓëÄ£°å', 'XOOPSÔÊÐíÍøÕ¾µÄÊµ¼ÊÕ¹ÏÖ·½Ê½£¨¡°Æ¤·ô¡±»òÓÃ»§½çÃæ£©ºÍºóÌ¨ÔËÐÐµÄ´úÂëÖ®¼äÓÐÄ³ÖÖ³Ì¶ÈµÄ·ÖÀë¡£Ç°ÕßÓÉÒ»¸ö»ùÓÚÍ¼ÐÎ·ç¸ñµÄ¸´ÔÓ»úÖÆÀ´´¦Àí¡£Ò»¸ö·ç¸ñµÄ»ù±¾ÐÎÊ½°üÀ¨£ºÓÃÀ´¶¨ÒåÍøÕ¾µÄ¿ÉÊÓ½çÃæµÄ»ù±¾HTMLÄ£°å£¬ÒÔ¼°ÓÃÀ´²¹×ã×°ÊÎ½çÃæµÄÑùÊ½±íºÍÍ¼Æ¬¡£ÔÚ¹ÜÀí½çÃæÖÐ¿ÉÒÔÇÐ»»·ç¸ñ£¬ËùÒÔ¸Ä±äXOOPSÍøÕ¾µÄÍâ¹Û£¬ÄúÖ»Ðè¸Ä±ä¸Ä±äÑ¡ÔñÆ÷µÄÖµÈ»ºóµ¥»÷¡°½ÓÊÜ¡±°´Å¥¼´¿É¡£XOOPSÍøÕ¾¹ÜÀíÔ±»¹¿ÉÒÔÈÃÓÃ»§ÔÚ¼¸¸ö¿ÉÓÃµÄ·ç¸ñÖÐ×Ô¼ºÑ¡Ôñ¡£\r\n\r\nÒ»°ã¶øÑÔ£¬·ç¸ñÊÇÍøÕ¾µÄ¸ß²ãÐÎÊ½¿ò¼Ü£»ÀýÈç£¬·ç¸ñ¶¨ÒåÁËÍøÕ¾µÄÕûÌå²¼¾Ö£»ÁíÒ»·½Ãæ£¬ËüÍ¨³£²»»á¶¨ÒåÔÚÇø¿éÄÚ²¿ÄÚÈÝµÄ·Ö²¼¡£¶øÕâÊÇÓÉÁíÍâÒ»¸ö½Ð×öÄ£°å¼¯µÄÊµÌåÀ´´¦Àí¡£Ò»¸öÄ£°å¼¯¾ÍÊÇÒ»×éHTMLÄ£°å£¬Ëü¶¨ÒåÁË¹¹³ÉXOOPSÕ¾µãµÄÇø¿éÀïµÄÄÚÈÝµÄ±íÏÖ·½Ê½¡£Èç¹ûÎÒÃÇÏ£ÍûÄÜÓÐÒ»¸ö¸üÇå³þµØ±ÈÓ÷£¬ÎÒÃÇ¿ÉÒÔËµ·ç¸ñÏñÊÇÒ»¸ö·¿×ÓµÄ¼Ü¹¹£¬¶øÄ£°å¼¯¾ÍÏñÊÇÄÚÊÎ¡£Ç°Õß°²ÖÃºÃÁËÇ½¶øÇÒÉèÖÃºÃÁË·¿×ÓµÄ×ÜÌå²¼¾Ö£¬µ«ÊÇºóÕß¸ºÔðÀ´¡°×°µã¡±ÄÇÐ©Ç½Ãæ¡£\r\n\r\nÈç¹ûµ±Ç°ÆôÓÃµÄ·ç¸ñÊÇÒ»¸ö¼òµ¥µÄ£¬Ö»°üÀ¨Ò»¸ö·ç¸ñÎÄ¼þ¡¢cssÎÄ¼þºÍÒ»Ð©Í¼Æ¬£¬XOOPS²ÉÓÃÈ±Ê¡µÄÄ£°å¼¯À´¶¨ÒåÇø¿éµÄÏÔÊ¾¡£µ«Ò»Ð©±È½Ï¸´ÔÓµÄ·ç¸ñ£¬±ÈÈçx2t£¬¾Í»áÓÐÓÉ×Ô¼ºµÄÄ£°å¼¯¡£ÕâÖÖÇé¿öÏÂ£¬ÍøÕ¾¹ÜÀíÔ±±ØÐëÊ¹ÓÃ¹ÜÀí½çÃæÀ´Í¬Ê±ÉèÖÃ·ç¸ñºÍÄ£°å¼¯¡£\r\n\r\nÄÇ·ç¸ñµÄÄ§Á¦ÊÇÈçºÎÊµÏÖµÄÄØ£¿Ò²¾ÍÊÇËµ£¬HTMLÄ£°åÊÇÔõÃ´Ñù°üÀ¨¶¯Ì¬ÄÚÈÝµÄÄØ£¿Õâ²¢²»ÊÇÊ¹ÓÃÁËÊ²Ã´ÒõÄ±¹î¼Æ£¬¶øÊÇ²ÉÓÃÁËÒ»¸ö½Ð×öSmartyµÄÄ£°æÒýÇæ£¬¸ÃÒýÇæ²ÉÓÃÁË³ÆÖ®Îª¡°±äÁ¿Ìæ´ú¡±µÄ¹¦ÄÜ¡£¼òµ¥µÄËµ£¬ÎÒÃÇÄÜ¹»ÕâÃ´Ëµ£ºXOOPSÏµÍ³ÓÃPHPÎÄ¼þÀ´Ö§³ÖÄ£¿éµÄÂß¼­£¨·ÃÎÊÊý¾Ý¿â£¬·ÖÅä±äÁ¿¡¢È¨ÏÞ¹ÜÀíµÈ£©£¬¶ø²åÈëÁËSmarty±äÁ¿µÄHTMLÎÄ¼þÔò¹ÜÀíÕæÕýµÄ½çÃæ¡£SmartyÒýÇæ½«ÖµºÍ×Ö·û´®²åÈëµ½HTMLµÄÌØ¶¨Î»ÖÃ£¬ÒÔÐÎ³ÉÓÃ»§¿´µ½µÄ×îÖÕµÄÒ³Ãæ¡£×Ü¶øÑÔÖ®£¬¶ÔÄúµÄÒâÒå¿ÉÒÔÕâÃ´ÇáËÉµÄ×Ü½á£ºÕýÊÇÓÐÁË·ç¸ñÏµÍ³£¬XOOPS²ÅÄÜ¹»ÈÃÍøÕ¾Éè¼ÆÕßÉè¼Æ¸üÓÐÈ¤ºÍ¸üÎüÒýÈËµÄÕ¾µã¶ø²»ÐèÒª¿¼ÂÇÆäºóÌ¨µ½µ×·¢ÉúÁËÊ²Ã´¡£', 1, 1, 1, 1, 1),
(17, 6, '¸ü¶àÏêÏ¸ÄÚÈÝ', '±¾ÎÄÈ«ÎÄÇë²Î¿¼ Xoops China [url=http://xoops.org.cn/uploads/doc/xog/]¡¶XOOPS²Ù×÷Ö¸ÄÏ¡·[/url]', 1, 1, 1, 1, 1);
INSERT INTO `art_text` (`text_id`, `art_id`, `text_title`, `text_body`, `dohtml`, `dosmiley`, `doxcode`, `doimage`, `dobr`) VALUES (18, 7, '', 'ÎÒÃÇÎ¬»¤±¾ÎÄÀ´ÕÃÏÔ×ÔÓÉÈí¼þ¶¨Òå£¬ËµÃ÷Ê²Ã´Èí¼þ²ÅºÏÊÊ±»³ÆÎª¡¸×ÔÓÉÈí¼þ¡¹¡£\r\n\r\n¡¸×ÔÓÉÈí¼þ¡¹¹Øì¶¡¸×ÔÓÉ¡¹¶ø²»ÊÇ¼Û¸ñ£¬¡¸×ÔÓÉ (Free) ¡¹Õâ¸ö¸ÅÄî²¢²»ÊÇÖ¸¡¸Ãâ·ÑµÄÆ¡¾Æ¡¹£¬¶øÊÇÖ¸¡¸ÑÔÂÛ×ÔÓÉ¡¹¡¾ÒòÎªÓ¢ÎÄµÄ×ÔÓÉºÍÃâ·ÑÊÓÍ¬Ò»¸ö×Ö: free¡¿¡£\r\n\r\n×ÔÓÉÈí¼þËùÖ¸³ÆµÄÈí¼þ£¬ÆäÊ¹ÓÃÕßÓÐÊ¹ÓÃ¡¢¸´ÖÆ¡¢É¢²¼¡¢ÑÐ¾¿¡¢¸ÄÐ´¡¢ÔÙÀûÓÃ¸ÃÈí¼þµÄ×ÔÓÉ¡£¸ü¾«È·µØËµ£¬×ÔÓÉÈí¼þ¸³ÓèÊ¹ÓÃÕßËÄÖÖ×ÔÓÉ:\r\n²»ÂÛÄ¿µÄÎªºÎ£¬ÓÐÊ¹ÓÃ¸ÃÈí¼þµÄ×ÔÓÉ£¨×ÔÓÉÖ®Áã£©¡£\r\nÓÐÑÐ¾¿¸ÃÈí¼þÈçºÎÔË×÷µÄ×ÔÓÉ£¬²¢ÇÒµÃÒÔ¸ÄÐ´¸ÃÈí¼þÀ´·ûºÏÊ¹ÓÃÕß×ÔÉíµÄÐèÇó£¨×ÔÓÉÖ®Ò»£©¡£È¡µÃ¸ÃÈí¼þÖ®Ô´ÂëÎª´ï³É´ËÄ¿µÄÖ®Ç°Ìá¡£ \r\nÓÐÖØÐÂÉ¢²¼¸ÃÈí¼þµÄ×ÔÓÉ£¬ËùÒÔÃ¿¸öÈË¶¼¿ÉÒÔ½åÓÉÉ¢²¼×ÔÓÉÈí¼þÀ´¶ØÇ×ÄÀÁÚ£¨×ÔÓÉÖ®¶þ£©¡£\r\nÓÐ¸ÄÉÆÔÙÀûÓÃ¸ÃÈí¼þµÄ×ÔÓÉ£¬²¢ÇÒ¿ÉÒÔ·¢±í¸ÄÐ´°æ¹©¹«ÖÚÊ¹ÓÃ£¬Èç´ËÒ»À´£¬Õû¸öÉçÈº¶¼¿ÉÒÔÊÜ»Ý¡£ÈçÇ°Ïî£¬È¡µÃ¸ÃÈí¼þÖ®Ô´ÂëÎª´ï³É´ËÄ¿µÄÖ®Ç°Ìá£¨×ÔÓÉÖ®Èý£©¡£\r\n\r\nÈç¹ûÒ»Èí¼þµÄÊ¹ÓÃÕß¾ßÓÐÉÏÊöËÄÖÖÈ¨Àû£¬Ôò¸ÃÈí¼þµÃÒÔ±»³ÆÖ®Îª¡¸×ÔÓÉÈí¼þ¡¹¡£Ò²¾ÍÊÇËµ£¬Ê¹ÓÃÕß±ØÐëÄÜ¹»×ÔÓÉµØ¡¢ÒÔ²»ÊÕ·Ñ»òÊÇÊÕÈ¡ºÏÀíµÄÉ¢²¼·ÑÓÃµÄ·½Ê½¡¢ÔÚÈÎºÎÊ±¼äÔÙÉ¢²¼¸ÃÈí¼þµÄÔ­°æ»òÊÇ¸ÄÐ´°æ ÔÚÈÎºÎµØ·½¸øÈÎºÎÈË Ê¹ÓÃ¡£Èç¹ûÊ¹ÓÃÕß²»±ØÎÊÈÎºÎÈË»òÊÇÖ§¸¶ÈÎºÎµÄÐí¿É·ÑÓÃ´ÓÊÂÕâÐ©ÐÐÎª£¬¾Í±íÊ¾Ëý£¯ËûÓµÓÐ×ÔÓÉÈí¼þËù¸³ÓèµÄ×ÔÓÉÈ¨Àû¡£\r\n\r\nÊ¹ÓÃÕßÒ²Ó¦¸ÃÓÐ×ÔÓÉ¸ÄÐ´Èí¼þµÄÈ¨Àû£¬²¢ÇÒ¿ÉÒÔ½«ÕâÐ©Èí¼þÔÙÀûÓÃÔÚ¹¤×÷ÉÏ»òÊÇÓéÀÖÉÏ¡£\r\n\r\nÊ¹ÓÃÈí¼þµÄÕâ·Ý×ÔÓÉÈ¨ÊÊÓÃì¶ÈÎºÎÈË¡¢ÈÎºÎ×éÖ¯¡¢ÈÎºÎµçÄÔÏµÍ³¡¢ÈÎºÎ¹¤×÷ÐÔÖÊ£¬²»ÓÃÌØ±ðºÍÈí¼þ×÷Õß»òÊÇÆäËûÌØ±ðµÄÈË»òµ¥Î»±¨±¸¡£\r\n\r\nÔÙÉ¢²¼Èí¼þµÄ×ÔÓÉ±ØÐëÍ¬Ê±ÊÊÓÃì¶Ô­°æºÍ¸ÄÐ´°æÈí¼þµÄ¶þ½øÖÆÂëºÍÔ´ÂëÉÏ£¬Èç¹ûÎÞ·¨ÖÆ×÷¶þ½øÖÆÂëµÄ°æ±¾£¬Ôò´Ë¶¯×÷¿ÉÒÔÂÔ¹ý£¬µ«ÊÇÈç¹ûºóÀ´µÄÊ¹ÓÃÕßÕÒµ½ÆäËü¿ÉÒÔÖÆ×÷¶þ½øÖÆÂëµÄ·½Ê½£¬ËýÃÇ±ØÐëÓÐÔÙÉ¢²¼¶þ½øÖÆÂëµÄ×ÔÓÉ¡£\r\n\r\nÎªÁË³É¾Í¸ÄÐ´²¢·¢±í¸ÄÐ´°æµÄ×ÔÓÉ£¬Ê¹ÓÃÕß±ØÐëÓÐÈ¡µÃ¸ÃÈí¼þÔ´ÂëµÄ¹ÜµÀ£¬ËùÒÔ£¬È¡µÃÔ´ÂëÎª×ÔÓÉÈí¼þÖ®±¾¡£\r\n\r\nÎªÁËÊ¹ÕâÐ©×ÔÓÉ³ÉÕæ£¬Ö»ÒªÊ¹ÓÃÕßÃ»·¸ÏÂÌÏÌì´ó×ï£¬ÕâÐ©×ÔÓÉÈ¨Àû²»ÄÜ±»¸Ä±ä¡£Èç¹ûÊ¹ÓÃÕß²¢Î´×ö´íÊÂ£¬¶ø¸ÃÈí¼þµÄ×÷ÕßÈ´ÓµÓÐÈ¡Ïû»ò³·»ØÆäÐí¿É·½Ê½µÄÈ¨Á¦£¬ÄÇÃ´¸ÃÈí¼þ²»ÊÇ×ÔÓÉÈí¼þ¡£\r\n\r\nµ«ÊÇ£¬Èç¹û¶îÍâµÄ¹æ¶¨²»ºÍÉÏÊöËÄÏîÖ÷ÒªµÄ×ÔÓÉÈ¨ÀûÏà³åµÄ»°£¬ÕâÐ©ÓÐ¹ØÉ¢²¼×ÔÓÉÈí¼þµÄ¶îÍâ¹æ¶¨ÊÇ¿É±»½ÓÊÜµÄ¡£ÀýÈç£¬ÁíÀà°æÈ¨ copyleft ¹æ¶¨Ëµ£¬µ±ÖØÐÂÉ¢²¼¸ÃÈí¼þÊ±£¬×÷Õß²»ÄÜ¼ÓÏÞÖÆ¾Ü¾øÆäËûÈËÖ÷ÒªµÄ×ÔÓÉÈ¨Àû£¬Õâ¸ö¹æ¶¨²¢²»ºÍÉÏÊöµÄÖ÷Òª×ÔÓÉÏà³å£¬·´¶ø¸ü½øÒ»²½±£ÕÏÁËÊ¹ÓÃÕßµÄ×ÔÓÉÈí¼þÈ¨Òæ¡£\r\n\r\nÊ¹ÓÃÕß¿ÉÒÔ¸¶·ÑÈ¡µÃ GNU µÄÈí¼þ£¬»òÕß£¬Ê¹ÓÃÕßÒ²¿ÉÒÔÃâ·ÑÈ¡µÃÕâÐ©Èí¼þ£¬µ«ÊÇ£¬²»¹ÜÊ¹ÓÃÕßÊÇÈçºÎÈ¡µÃÕâÐ©Èí¼þµÄ£¬Ëý£¯ËûÃÇ±ØÐëÓÀÔ¶ÓÐÈ¨Àû¸´ÖÆ»òÊÇ¸ÄÐ´ÕâÐ©Èí¼þ£¬ÉõÖÁ ··ÊÛ ÕâÐ©Èí¼þ¡£\r\n\r\n×ÔÓÉÈí¼þÒò´Ë²¢²»ÊÇ¡¸·ÇÉÌÒµÈí¼þ¡¹¡£×ÔÓÉÈí¼þ±ØÐëÊÊÓÃì¶ÉÌÒµÓÃÍ¾¡£×ÔÓÉÈí¼þµÄÉÌÒµ¿ª·¢Ä£Ê½ÒÑºÜ³£¼û£»ÕâÑùµÄ×ÔÓÉÉÌÒµÈí¼þÏàµ±ÖØÒª¡£\r\n\r\nÈç¹û²»Ó°Ïìµ½ºóÀ´µÄÊ¹ÓÃÕß·¢ÐÐ¸ÄÐ´µÄÈ¨Àû¹æ¶¨£¬Ôò¶îÍâ¼ÓÈëµÄ¹æ·¶ÈçºÎ½«Ò»¸ö¸ÄÐ´ºóµÄ×ÔÓÉÈí¼þÖÆ×÷ÎªÌ×¼þµÄÏà¹Ø¹æ¶¨Òà¿ÉÐÐ¡£Í¬Àí£¬ÏñÕâÀà¡¸Èç¹ûÄãÓÃÕâÖÖ·½Ê½·¢ÐÐÈí¼þ£¬Äã±ØÐëÈÃÕâ¸öÈí¼þÒ²ÄÜÔÚÕâÖÖÇé¿öÏÂ¿ÉµÃ¡¹µÄ´ë´ÇÒ²ÊÇÔÚÐí¿ÉÖ®ÏÂµÄ£¨ÕâÀà¹æ¶¨Ò²ÈÃÊ¹ÓÃÕßÓÐ¸Ã²»¸Ã·¢ÐÐ¸ÃÈí¼þµÄÑ¡Ôñ£©¡£Èç¹ûÐí¿ÉÖ¤ÒªÇó¡¸ÔÚµ±Äã·¢ÐÐÐÞ¶©°æÊ±£¬ÈôÏÈÇ°µÄ¿ª·¢ÕßÒªÇóÒ»·Ý¿½±´£¬ÔòÄã±ØÐëÌá¹©¡¹µÄÌõ¼þ£¬ËüÒ²ÊÇ·ûºÏ×ÔÓÉµÄ¡£\r\n\r\nÔÚ GNU ¹¤³ÌÖÐ£¬ÎÒÃÇÊ¹ÓÃ copyleft ÕâÀàÐí¿É·½Ê½À´±£»¤Ã¿¸öÊ¹ÓÃÕß¶¼ÏíÓÐÕâÐ©Èí¼þ×ÔÓÉ£¬µ«ÊÇ ·Ç copyleft µÄ×ÔÓÉÈí¼þ Ò²Í¬Ê±´æÔÚ¡£ÎÒÃÇÏàÐÅÓÐÄ³Ð©ÖØÒªµÄÔ­ÒòÊ¹µÃ copyleft µÄÐí¿É·½Ê½½ÏÆäËü×ÔÓÉÈí¼þÐí¿É·½Ê½ÒªºÃ £¬µ«ÊÇÈç¹ûÄãµÄÈí¼þ²»ÊÇ ÔÚ copyleft µÄÐí¿ÉÖ®ÏÂ£¬ÎÒÃÇÒ²Ê¹ÓÃËü¡£\r\n\r\nÓûÖª×ÔÓÉÈí¼þ¡¢ÒÔ copyleft Ðí¿ÉµÄÈí¼þ¡¢ºÍÆäËüÖÖÀàµÄÈí¼þµÄÏàÁ¬ÐÔ£¬Çë¼û ¡¸×ÔÓÉÈí¼þµÄÖÖÀà¡¹ Ò»ÎÄ¡£\r\n\r\nÓÐÊ±ºò£¬Õþ¸® ÍâÏú¹ÜÖÆ ºÍ½»Ò×Ðí¿ÉµÄ¹æ¶¨»áÏÞÖÆÊ¹ÓÃÕßÈ«ÇòÐÔÉ¢²¼Èí¼þµÄÈ¨ÀûºÍ×ÔÓÉ£¬ËäÈ»Èí¼þ¿ª·¢Õß£¯×÷ÕßÃ»ÓÐÈ¨Á¦È¥ÅÅ³ý»òÊÇÏûåôÕâÐ©ÏÞÖÆ£¬µ«ÊÇ£¬Ëý£¯ËûÃÇ¿ÉÒÔ¡¢ Ò²±ØÐë¾Ü¾ø½«ÕâÐ©Ìõ¼þÁÐÈë×ÔÓÉÈí¼þµÄÊ¹ÓÃ·¨ÔòÖÐ£¬Èç´ËÕâ°ã£¬ÕâÐ©¹Ù·½¹æ¶¨½«²»»áÓ°Ïìµ½Ê¹ÓÃÕßµÄÈí¼þ×ÔÓÉ£¬ºÍ×ÔÓÉÈí¼þÏà¹ØµÄÈË¡¢ÊÂ¡¢ÎïÒ²Òò´Ë²»ÔÚÕâÐ©Õþ¸®²¿ÃÅ¹ÜÏ½·¶Î§Ö®ÄÚ¡£\r\n\r\n´ó²¿·ÝµÄ×ÔÓÉÈí¼þµÄÐí¿ÉÖ¤ÊÇ»ùì¶ copyleft £¬¶ø¿ÉÒÔ¼ÓÖîì¶ÆäÉÏµÄÒªÇóÀàÐÍÊÇÓÐÏÞÖÆµÄ¡£Èç¹ûÒ»·Ý»ùì¶°æÈ¨µÄÐí¿ÉÖ¤×ñÊØÁËÈçÉÏËùÊöµÄ×ÔÓÉÊ±£¬ÄÇÃ´¾Í²»Ì«¿ÉÄÜ»áÓöÉÏÎÒÃÇ´ÓÎ´Ô¤ÆÚ¹ýµÄÆäËüÀàÐÍµÄÎÊÌâ£¨ËäÈ»Å¼¶û»¹ÊÇ»áÓÐ£©¡£²»¹ý£¬ÓÐÒ»Ð©×ÔÓÉÈí¼þµÄÐí¿ÉÖ¤ÊÇ»ùì¶ºÏÍ¬µÄÌõ¿î£¬¶øºÏÍ¬¿ÉÒÔ±»¼ÓÖî½Ï´ó³Ì¶ÈµÄ¿ÉÄÜÏÞÖÆ¡£Õâ±íÊ¾ÏñÊÇÕâÑùµÄÐí¿ÉÖ¤£¬»áÓÐÐí¶à¿ÉÄÜµÄ·½Ê½±äµÃÊÜÏÞµ½ÎÞ·¨½ÓÊÜ£¬Òò¶ø³ÉÎª¡¸·Ç×ÔÓÉ¡¹µÄ¡£ \r\n\r\nÎÒÃÇÊµÔÚÎÞ·¨ÁÐ³öËùÓÐÎÞ·¨½ÓÊÜµÄ¿ÉÄÜµÄºÏÍ¬ÏÞÖÆ¡£Èç¹ûÒ»·Ý»ùì¶ºÏÍ¬µÄÐí¿ÉÖ¤£¬ÒÔÒ»ÖÖ»ùì¶°æÈ¨µÄÐí¿ÉÖ¤ËùÎÞ·¨µÄ²»Ñ°³£·½Ê½£¬ÏÞÖÆÁËÊ¹ÓÃÕß£¬²¢ÇÒ²»ÄÜÈç±¾ÎÄËùÊöµÄÊÓÎªºÏ¸ñ¡²µÄ×ÔÓÉÌõ¿î¡³£¬ÎÒÃÇ½«»áÊÔÖøÉó¶ÈÕâºÏÍ¬£¬²¢ÇÒºÜÓÐ¿ÉÄÜÈÏ¶¨ËüÊÇ·Ç×ÔÓÉµÄ¡£ \r\n\r\nµ±Ì¸µ½×ÔÓÉÈí¼þÊ±£¬×îºÃ±ÜÃâÊ¹ÓÃ¡¸¸ø¡¹»òÊÇ¡¸Ãâ·Ñ¡¹ÕâÀàµÄ´ë´Ç£¬ÒòÎªÕâÐ©´ë´Ç»á¸øÈË¸øÈË¡¸free¡¹ÊÇÖ¸¡¸¼Û¸ñÉÏµÄÃâ·Ñ¡¹µÄÎóµ¼£¬¶øºöÂÔÁËÊ¹ÓÃÈí¼þ×ÔÓÉµÄÕæÒå¡£ÓÐÐ©´ÊÓïÏñ ¡¸µÁ°æ¡¹¾ÍÓÐÀàËÆµÄº­Òå£¬ÎÒÃÇÏ£Íû×ÔÓÉÈí¼þµÄÊ¹ÓÃÕß²»»áÏë±»ÕâÑùÖ¸³Æ¡£ÓÐ¹ØÌÖÂÛÕâÐ©´ë´ÇµÄÓÃ·¨£¬Ïê¼û ¡¸ÈÝÒ×»ìÏýµÄ´ÊÓï£¬Çë¾¡Á¿±ÜÃâ¡¹ Ò»ÎÄ£¬ÎÒÃÇÒ²ÓÐ ¡¸×ÔÓÉÈí¼þÒ»´ÊµÄ·­Òë¡¹ µÄ¶àÖÖÓïÑÔ°æ±¾¡£\r\n\r\n×îºó£¬Çë×¢Òâ£¬ÕâÐ©ÓÐ¹Ø×ÔÓÉÈí¼þ¶¨ÒåµÄ±ê×¼ÐèÒªÉóÉ÷µÄÚ¹ÊÍ¡£ÎÒÃÇ¸ù¾ÝÄ³Ò»Èí¼þÑ¡¶¨µÄÐí¿É·½Ê½ÊÇ·ñ·ûºÏÉÏÊöËÄµãÈí¼þ×ÔÓÉµÄ¾«ÉñºÍÖØµãÎÄ×Ö£¬À´¾ö¶¨¸ÃÈí¼þÊÇ·ñ·ûºÏ×ÔÓÉÈí¼þµÄ±ê×¼¡£Èç¹ûÄ³Ò»Èí¼þº¬ÓÐ²»¹«Æ½¡¢Î¥±³ÉÏÊöËÄµã×ÔÓÉÈí¼þ¾«ÉñµÄÏÞÖÆ£¬¾ÍËã¸ÃÈí¼þ·¢ÐÐÁË£¬ÎÒÃÇ¾Ü¾øÊ¹ÓÃËü¡£ÓÐÊ±ºò£¬Ò»·ÝÐí¿ÉÖ¤»áÒý·¢Ò»Ð©ÌÖÂÛ£¬ÔÚ½ÓÊÜËü³ÉÎªÒ»·Ý×ÔÓÉÈí¼þÐí¿ÉÖ¤Ö®Ç°£¬ÐèÒªÎÒÃÇºÍÒ»Ð©ÂÉÊ¦·¨ÂÉ×¨¼ÒÃÇ¹²Í¬À´ÅÐ¶ÏºÍË¼¿¼£¬µ±ÎÒÃÇ´ï³É¹²Ê¶µÄÊ±ºò£¬ÎÒÃÇ»á¸üÐÂ×ÔÓÉÈí¼þ±ê×¼£¬ÈÃÊ¹ÓÃÕß¸üÈÝÒ×ÁË½âÊ²Ã´Ðí¿É·½Ê½ÊÇ·ûºÏ»òÊÇ²»·ûºÏ×ÔÓÉÈí¼þ¶¨ÒåµÄ¡£\r\n\r\nÈç¹ûÄã¶ÔÄ³·ÝÌØ¶¨µÄÐí¿É·½Ê½ÊÇ·ñ·ûºÏ×ÔÓÉÈí¼þµÄÐí¿É·½Ê½ÓÐÐËÈ¤£¬Çë¼ûÎÒÃÇµÄ ¡¸Ðí¿É·½Ê½Ò»ÀÀ±í¡¹ Ò»ÎÄ£¬Èç¹ûÄã¸ÐÐËÈ¤µÄÐí¿É·½Ê½²»ÔÚÎÒÃÇµÄÁÐ±íÖÐ£¬ÇëÖ±½ÓÍ¸¹ý email ÎÊÎÒÃÇ¡£À´ÐÅÇë¼Ä <licensing@gnu.org> ¡£\r\n\r\n¿ÉÄÜµÄÇé¿öÏÂ£¬Èç¹ûÄãÕæµÄÐèÒªÒ»·ÝÐÂµÄÐí¿ÉÖ¤£¬ÄÇÃ´ÔÚÎÒÃÇµÄÐ­ÖúÏÂÄã¿ÉÒÔÈ·¶¨ÄÇÐí¿ÉÖ¤ÊÇ·ñÕæÊÇ×ÔÓÉÈí¼þÐí¿ÉÖ¤£¬´Ó¶ø±Ü¿ªÐí¶àÊµ¼ÊÉÏµÄÎÊÌâ¡£\r\n\r\nÆäËüÍÅÌåÒÑ¾­¿ªÊ¼Ê¹ÓÃ¡¸¿ª·ÅÔ´Âë ¡¹Ò»´Ê£¬ÒÔÓÃÀ´Ö¸³ÆÓë¡¸×ÔÓÉÈí¼þ ¡¹ÔÚÄ³ÖÖ³Ì¶ÈÒâÒåÏàµ±£¬µ«ÊÇÈÔ²»¾¡ÏàÍ¬µÄÊÂÎï¡£ÎÒÃÇÇãÏòì¶Ê¹ÓÃ¡¸×ÔÓÉÈí¼þ ¡¹µÄÔ­ÒòÔÚì¶£¬Ò»µ©ÄãÔøÌý¹ýËüÒâÖ¸×ÔÓÉ£¬¶ø·ÇÃâ·Ñ£¬ÄÇÃ´ Äã¾Í¿ÉÒÔ´ÓËüµÄ³ÆºôÉÏÖªµÀËüËùÖøÖØµÄÊÇ×ÔÓÉÁË ¡£', 1, 1, 1, 1, 1),
(19, 8, '', '[b]GNU Í¨ÓÃ¹«¹²ÊÚÈ¨[/b]\r\n\r\nµÚ¶þ°æ, 1991Äê6ÔÂ \r\n\r\nÖø×÷È¨ËùÓÐ (C) 1989£¬1991 Free Software Foundation, Inc.\r\n59 Temple Place, Suite 330, Boston, MA 02111-1307 USA\r\n\r\nÔÊÐíÃ¿¸öÈË¸´ÖÆºÍ·¢²¼±¾ÊÚÈ¨ÎÄ¼þµÄÍêÕû¸±±¾£¬\r\nµ«²»ÔÊÐí¶ÔËü½øÐÐÈÎºÎÐÞ¸Ä¡£\r\n\r\n±¾°æ±¾ÓÉ Leo-Hong (leohca (at) yahoo.com) ·­ÒëÕûÀí, Chao-Hong Liu Ð£Õý.\r\n\r\n\r\n[b]µ¼ÑÔ[/b]\r\n\r\n´ó¶àÊýÈí¼þÊÚÈ¨ÉùÃ÷ÊÇÉè¼ÆÓÃÒÔ°þ¶áÄú¹²ÏíÓëÐÞ¸ÄÈí¼þµÄ×ÔÓÉ¡£Ïà·´µØ£¬GNUÍ¨ÓÃ¹«¹²ÊÚÈ¨Á¦Í¼±£Ö¤Äú·ÖÏíÓëÐÞ¸Ä×ÔÓÉÈí¼þµÄ×ÔÓÉ-È·±£Èí¼þ¶ÔËùÓÐµÄÊ¹ÓÃÕß¶¼ÊÇ×ÔÓÉµÄ¡£Í¨ÓÃ¹«¹²ÊÚÈ¨ÊÊÓÃÓÚ´ó¶àÊý×ÔÓÉÈí¼þ»ù½ð»áµÄÈí¼þ£¬ÒÔ¼°ÈÎºÎ×÷ÕßÖ¸¶¨Ê¹ÓÃ±¾ÊÚÈ¨µÄÆäËûÈí¼þ¡££¨ÓÐÐ©×ÔÓÉÈí¼þ»ù½ð»áµÄÈí¼þ£¬ÔòÊÊÓÃGNUº¯Ê½¿âÍ¨ÓÃ¹«¹²ÊÚÈ¨¹æ¶¨¡££©ÄúÒ²¿ÉÒÔÈÃÄúµÄÈí¼þÊÊÓÃ±¾ÊÚÈ¨¹æ¶¨¡£\r\n\r\nµ±ÎÒÃÇÔÚÌ¸ÂÛ×ÔÓÉÈí¼þÊ±£¬ÎÒÃÇËùÖ¸µÄÊÇ×ÔÓÉ£¬¶ø²»ÊÇ¼Û¸ñ¡£ÎÒÃÇµÄÍ¨ÓÃ¹«¹²ÊÚÈ¨ÊÇÉè¼ÆÓÃÒÔÈ·±£Ê¹ÄúÓµÓÐ·¢²¼×ÔÓÉÈí¼þ±¸·ÝµÄ×ÔÓÉ£¨ÒÔ¼°Äú¿ÉÒÔ¾ö¶¨´ËÒ»·þÎñÊÇ·ñÊÕ·Ñ£©£¬È·±£ÄúÄÜÊÕµ½Ô´Âë»òÕßÔÚÄúÐèÒªÊ±ÄÜµÃµ½Ëü£¬È·±£ÄúÄÜ±ä¸üÈí¼þ»ò½«ËüµÄÒ»²¿·ÖÓÃÓÚÐÂµÄ×ÔÓÉÈí¼þ£»²¢ÇÒÈ·±£ÄúÖªµÀÄú¿ÉÒÔ×öÉÏÊöµÄÕâÐ©ÊÂÇé¡£\r\n\r\nÎªÁË±£ÕÏÄúµÄÈ¨Àû£¬ÎÒÃÇÐèÒª×÷³öÏÞÖÆ£º½ûÖ¹ÈÎºÎÈË·ñÈÏÄúÉÏÊöµÄÈ¨Àû£¬»òÕßÒªÇóÄú·ÅÆúÕâÐ©È¨Àû¡£Èç¹ûÄú·¢²¼Èí¼þµÄ¸±±¾£¬»òÕß¶ÔÖ®¼ÓÒÔÐÞ¸Ä£¬ÕâÐ©ÏÞÖÆ¾Í×ª»¯³ÉÎªÄúµÄÔðÈÎ¡£\r\n\r\nÀýÈç£¬¼ÙÈçÄú·¢²¼´ËÀà³ÌÐòµÄ¸±±¾£¬ÎÞÂÛÊÇÃâ·Ñ»òÊÕÈ¡·ÑÓÃ£¬Äú±ØÐë½«ÄúËùÏíÓÐµÄÒ»ÇÐÈ¨Àû¸øÓèÊÕÊÜÕß¡£ÄúÒ²±ØÐëÈ·±£ËûÃÇÒ²ÄÜÊÕµ½»òµÃµ½Ô­Ê¼³ÌÐòÂë¡£¶øÇÒÄú±ØÐëÏòËûÃÇÕ¹Ê¾ÕâÐ©Ìõ¿îµÄƒÈÈÝ£¬Ê¹ËûÃÇÖªµ½ËûÃÇËùÏíÓÐµÄÈ¨Àû¡£\r\n\r\nÎÒÃÇ²ÉÈ¡Á½Ïî´ëÊ©í±£»¤ÄúµÄÈ¨Àû£º(1)ÒÔÖø×÷È¨±£»¤Èí¼þ£¬ÒÔ¼°(2)Ìá¹©Äú±¾ÊÚÈ¨£¬¸³ÓëÄú¸´ÖÆ¡¢·¢²¼²¢ÇÒ£¯»òÕßÐÞ¸ÄÈí¼þµÄ·¨ÂÉÐí¿É¡£\r\n\r\nÍ¬Ê±£¬ÎªÁË±£»¤×÷ÕßÓëÎÒÃÇ£¨°´£ºÖ¸×ÔÓÉÈí¼þ»ù½ð»á£©£¬ÎÒÃÇÏëÒªÈ·¶¨Ã¿¸öÈË¶¼Ã÷°×£¬×ÔÓÉÈí¼þÊÇ›]ÓÐµ£±£ÔðÈÎµÄ¡£Èç¹ûÈí¼þ±»ËûÈËÐÞ¸Ä²¢¼ÓÒÔ´«²¥£¬ÎÒÃÇÐèÒªÆäÊÕÊÜÕßÖªµÀ£¬ËûÃÇËùµÃµ½µÄ²¢·ÇÔ­Ê¼°æ±¾£¬Òò´ËÓÉËûÈËËùÒý³öµÄÈÎºÎÎÊÌâ¶ÔÔ­×÷ÕßµÄÉùÓþ½«²»»áÓÐÈÎºÎµÄÓ°Ïì¡£\r\n\r\n×îºó£¬ËùÓÐ×ÔÓÉÈí¼þ²»¶ÏµØÊÜµ½Èí¼þ×¨ÀûµÄÍþÐ²¡£ÎÒÃÇÏ£ÍûÄÜ±ÜÃâ×ÔÓÉÈí¼þµÄÔÙ·¢²¼ÕßÒÔ¸öÈËÃûÒåÈ¡µÃ×¨ÀûÊÚÈ¨¶øÊ¹³ÌÐò×¨ÓÐ»¯µÄ·çÏÕ¡£ÎªÁË·ÀÖ¹ÉÏÊöµÄÇéÊÂ·¢Éú£¬ÎÒÃÇÔÚ´ËÃ÷È·ÉùÃ÷£ºÈÎºÎ×¨Àû¶¼±ØÐëÎªÁËÃ¿¸öÈËµÄ×ÔÓÉÊ¹ÓÃ¶øºË×¼£¬·ñÔò¾Í²»Ó¦ÊÚÓë×¨Àû¡£\r\n\r\nÒÔÏÂÊÇÓÐ¹Ø¸´ÖÆ¡¢·¢²¼¼°ÐÞ¸ÄµÄÃ÷È·Ìõ¿î¼°Ìõ¼þ¡£\r\n\r\n[b]¸´ÖÆ¡¢·¢²¼ÓëÐÞ¸ÄµÄÌõ¿îÓëÌõ¼þ[/b]\r\n\r\n0. ·²Öø×÷È¨ÈËÔÚÆä³ÌÐò»òÆäËûÖø×÷ÖÐÉùÃ÷£¬¸Ã³ÌÐò»òÖø×÷»áÔÚÍ¨ÓÃ¹«¹²ÊÚÈ¨Ìõ¿îÏÂ·¢²¼£¬±¾ÊÚÈ¨¶ÔÆä¾ùÓÐÊÊÓÃ¡£ÒÔÏÂËù³ÆµÄ"³ÌÐò"£¬ÊÇÖ¸ÈÎºÎÒ»ÖÖÊÊÓÃÍ¨ÓÃ¹«¹²ÊÚÈ¨µÄ³ÌÐò»òÖø×÷£»²¢ÇÒÒ»¸ö"»ùÓÚ±¾³ÌÐòµÄÖø×÷"£¬ÔòÖ¸±¾³ÌÐò»òÈÎºÎ»ùÓÚÖø×÷È¨·¨Ëù²úÉúµÄÑÜÉúÖø×÷£¬»»ÑÔÖ®£¬ÊÇÖ¸°üº¬±¾³ÌÐòÈ«²¿»òÒ»²¿µÄÖø×÷£¬²»ÂÛÊÇÍêÕûµÄ»ò¾­¹ýÐÞ¸ÄµÄ³ÌÐò£¬ÒÔ¼°£¨»ò£©·­Òë³ÉÆäËûÓïÑÔµÄ³ÌÐò£¨ÒÔÏÂ"ÐÞ¸Ä"Ò»´Ê°üÀ¨µ«²»ÏÞÓÚ·­ÒëÐÐÎªÔÚƒÈ£©¡£±»ÊÚÈ¨ÈËÔò³ÆÎª"Äú"¡£\r\n\r\n±¾ÊÚÈ¨²»ÊÊÓÃÓÚ¸´ÖÆ¡¢·¢²¼ÓëÐÞ¸ÄÒÔÍâµÄÐÐÎª£»ÕâÐ©ÐÐÎª²»ÔÚ±¾ÊÚÈ¨·¶Î§ÄÚ¡£Ö´ÐÐ±¾³ÌÐòµÄÐÐÎª²¢²»ÊÜÏÞÖÆ£¬¶ø±¾³ÌÐòµÄÊä³öÖ»ÓÐÔÚÆäƒÈÈÝ¹¹³É»ùÓÚ±¾³ÌÐòËùÉúµÄÖø×÷£¨¶ø·ÇÖ»ÊÇÒòÎªÖ´ÐÐ±¾³ÌÐòËùÔì³É£©Ê±£¬Ê¼ÊÜ±¾ÊÚÈ¨¾ÐÊø¡£ÖÁÓÚ³ÌÐòµÄÊä³öƒÈÈÝÊÇ·ñ¹¹³É±¾³ÌÐòµÄÑÜÉúÖø×÷£¬ÔòÈ¡¾öÓÚ±¾³ÌÐòµÄ¾ßÌåÓÃÍ¾¡£\r\n\r\n1. Äú¿ÉÒÔ¶ÔËùÊÕÊÜµÄ±¾³ÌÐòÔ´´úÂë£¬ÎÞÂÛÒÔºÎÖÖÃ½½é£¬¸´ÖÆÓë·¢²¼ÆäÍêÕûµÄ¸´ÖÆÎï£¬È»¶øÄú±ØÐë·ûºÏÒÔÏÂÒª¼þ£ºÒÔÏÔÖø¼°ÊÊµ±µÄ·½Ê½ÔÚÃ¿Ò»·Ý¸´ÖÆÎïÉÏ·¢²¼ÊÊµ±µÄÖø×÷È¨±êÊ¾¼°ÎÞµ£±£ÉùÃ÷£»Î¬³ÖËùÓÐÓÐ¹Ø±¾ÊÚÈ¨ÒÔ¼°ÎÞµ£±£ÉùÃ÷µÄÔ­Ã²£»²¢½«±¾ÊÚÈ¨µÄ¸±±¾Á¬Í¬±¾³ÌÐòÒ»Æð½»¸¶ÓèÆäËûÈÎºÎÒ»Î»±¾³ÌÐòµÄÊÕÊÜÕß¡£\r\n\r\nÄú¿ÉÒÔ¶ÔÈÃÓë¸´ÖÆÎïµÄÊµ¼ÊÐÐÎªÊÕÈ¡Ò»¶¨µÄ·ÑÓÃ£¬ÄúÒ²¿ÉÒÔ×ÔÓÉ¾ö¶¨ÊÇ·ñÌá¹©µ£±£ÒÔ×÷Îª¶Ô¼ÛµÄ½»»»¡£\r\n\r\n2. Äú¿ÉÒÔÐÞ¸Ä±¾³ÌÐòµÄÒ»¸ö»òÊý¸ö¸´ÖÆÎï»òÕß±¾³ÌÐòµÄÈÎºÎ²¿·Ý£¬ÒÔ´ËÐÎ³É»ùÓÚ±¾³ÌÐòËùÉúµÄÖø×÷£¬²¢ÒÀÇ°ÊöµÚÒ»Ìõ¹æ¶¨£¬¸´ÖÆÓë·¢²¼´ËÒ»ÐÞ¸Ä¹ýµÄ³ÌÐò»òÖø×÷£¬µ«Äú±ØÐë·ûºÏÒÔÏÂÒª¼þ£º\r\n\r\n(a) Äú±ØÐëÔÚËùÐÞ¸ÄµÄµ²°¸ÉÏ¸½¼ÓÏÔÖøµÄ±êÊ¾£¬²ûÃ÷ÄúÐÞ¸Ä¹ýÕâÐ©µ²°¸£¬ÒÔ¼°ÐÞ¸ÄÈÕÆÚ¡£\r\n\r\n(b) Äú±ØÐë¾ÍÄúËù·¢²¼»ò·¢ÐÐµÄÖø×÷£¬ÎÞÂÛÊÇ°üº¬±¾³ÌÐòÈ«²¿»òÒ»²¿µÄÖø×÷£¬»òÕßÊÇ×Ô±¾³ÌÐò»òÆäÈÎºÎ²¿·ÝËùÑÜÉúµÄÖø×÷£¬ÕûÌåÊÚÈ¨ËùÓÐµÚÈýÈËÒÀ±¾ÊÚÈ¨¹æ¶¨Ê¹ÓÃ£¬ÇÒ²»µÃÒò´ËÏîÊÚÈ¨ÐÐÎª¶øÊÕÈ¡ÈÎºÎ·ÑÓÃ¡£\r\n\r\n(c) Èô¾­¹ýÐÞ¸ÄµÄ³ÌÐòÔÚÖ´ÐÐÊ±Í¨³£ÒÔ½»»¥·½Ê½¶ÁÈ¡ÃüÁîÊ±£¬Äú±ØÐëÔÚ×î³£±»Ê¹ÓÃµÄ·½Ê½ÏÂ£¬ÓÚ¿ªÊ¼½øÈëÕâÖÖ½»»¥Ê½Ê¹ÓÃÊ±£¬ÁÐÓ¡»òÕ¹Ê¾ÒÔÏÂÐû¸æ£ºÊÊµ±µÄÖø×÷È¨±êÊ¾¼°ÎÞµ£±£ÉùÃ÷£¨»òÕßÉùÃ÷ÄúÌá¹©µ£±££©¡¢Ê¹ÓÃÕß¿ÉÒÔÒÀÕâÐ©Ìõ¼þÔÙ·¢²¼´Ë³ÌÐò£¬ÒÔ¼°¸æÖªÊ¹ÓÃÕßÈçºÎä¯ÀÀ±¾ÊÚÈ¨µÄ¸±±¾¡££¨ÀýÍâ£ºÈô±¾³ÌÐò±¾ÉíÊÇÒÔ½»»¥µÄ·½Ê½Ö´ÐÐ£¬È»¶øÍ¨³£È´²»»áÁÐÓ¡¸ÃÐû¸æÊ±£¬ÔòÄú»ùÓÚ±¾³ÌÐòËùÉúµÄÖø×÷±ãÎÞÐèÁÐÓ¡¸ÃÐû¸æ¡££©\r\n\r\nÕâÐ©ÒªÇó¶ÔÐÞ¸Ä¹ýµÄÖø×÷ÊÇÕûÌåÊÊÓÃµÄ¡£ÌÈÖø×÷ÖÐ¿ÉÊ¶„eµÄÒ»²¿·Ý²¢·ÇÑÜÉú×Ô±¾³ÌÐò£¬²¢ÇÒ¿ÉÒÔºÏÀíµØÈÏÎªÊÇÒ»¶ÀÁ¢µÄ¡¢¸ö„eµÄÖø×÷£¬Ôòµ±Äú½«Æä×÷Îª¸ö„eÖø×÷¼ÓÒÔ·¢²¼Ê±£¬±¾ÊÚÈ¨¼°ÆäÌõ¿î½«²»ÊÊÓÃÓÚ¸Ã²¿·Ö¡£È»¶øµ±Äú½«ÉÏÊö²¿·Ö£¬×÷Îª»ùÓÚ±¾³ÌÐòËùÉúÖø×÷µÄÒ»²¿¶ø·¢²¼Ê±£¬Õû¸öÖø×÷µÄ·¢²¼±ØÐë·ûºÏ±¾ÊÚÈ¨Ìõ¿îµÄ¹æ¶¨£¬¶ø±¾ÊÚÈ¨¶ÔÓÚÆäËû±»ÊÚÈ¨ÈËËùÎªµÄÐí¿É¼°ÓÚÖø×÷ÕûÌå¡£\r\n\r\nÒò´Ë£¬±¾Ìõ¹æ¶¨µÄÒâÍ¼²»ÔÚÓÚÖ÷ÕÅ»ò°þ¶áÄú¶ÔÓÚÍêÈ«ÓÉÄúËùÍê³ÉÖø×÷µÄÈ¨Àû£»Ó¦¸ÃÕf£¬±¾Ìõ¹æ¶¨ÒâÔÚÐÐÊ¹¶Ô»ùÓÚ³ÌÐòËùÉúµÄÖ®ÑÜÉúÖø×÷»ò¼¯ºÏÖø×÷·¢²¼ÐÐÎªµÄ¿ØÖÆÈ¨¡£\r\n\r\n´ËÍâ£¬·Ç»ùÓÚ±¾³ÌÐòËùÉúµÄÆäËûÖø×÷Óë±¾³ÌÐò£¨»ò»ùÓÚ±¾³ÌÐòËùÉúµÄÖø×÷£©ÔÚÍ¬Ò»´¢´æ»ò·¢²¼µÄÃ½½éÉÏµÄµ¥´¿¾Û¼¯ÐÐÎª£¬²¢²»»áÊ¹¸ÃÖø×÷Òò´ËÊÜ±¾ÊÚÈ¨Ìõ¿îÔ¼Êø¡£\r\n\r\n3. Äú¿ÉÒÔÒÀÇ°ÊöµÚÒ»¡¢¶þÌõ¹æ¶¨£¬¸´ÖÆÓë·¢²¼±¾³ÌÐò£¨»òµÚ¶þÌõËùÊö»ùÓÚ±¾³ÌÐòËù²úÉúµÄÖø×÷£©µÄÄ¿µÄÂë»ò¿ÉÖ´ÐÐÐÎÊ½£¬µ«Äú±ØÐë·ûºÏÒÔÏÂÒª¼þ£º\r\n\r\n(a) ¸½ÉÏÍêÕû¡¢Ïà¶ÔÓ¦µÄ»úÆ÷¿ÉÅÐ¶ÁÔ´Âë£¬¶øÕâÐ©Ô´Âë±ØÐëÒÀÇ°ÊöµÚÒ»¡¢¶þÌõ¹æ¶¨ÔÚ¾­³£ÓÃÒÔ×÷ÎªÈí¼þ½»»»µÄÃ½½éÎïÉÏ·¢²¼£»»ò\r\n\r\n(b) ¸½ÉÏÖÁÉÙÈýÄêÓÐÐ§µÄÊéÃæ±¨¼ÛÎÄ¼þ£¬Ìá¹©ÈÎºÎµÚÈýÈËÔÚÖ§¸¶²»³¬¹ýÊµ¼Ê·¢²¼Ô´ÂëËùÐè³É±¾µÄ·ÑÓÃÏÂ£¬È¡µÃÏàÍ¬Ô´ÂëµÄÍêÕû»úÆ÷¿É¶Á¸´ÖÆÎï£¬²¢ÒÀÇ°ÊöµÚÒ»¡¢¶þÌõ¹æ¶¨ÔÚ¾­³£ÓÃÒÔ×÷ÎªÈí¼þ½»»»µÄÃ½½éÎïÉÏ·¢²¼¸Ã¸´ÖÆÎï£»»ò\r\n\r\n(c) ¸½ÉÏÄúËùÊÕÊÜÓÐ¹Ø·¢²¼ÏàÍ¬Ô´ÂëµÄ±¨¼Û×ÊÑ¶¡££¨±¾ÏîÑ¡Ôñ½öÔÚ·ÇÓ®Àû·¢²¼¡¢ÇÒ½öÔÚÄúÒÀÇ°ÊöbÏî·½Ê½×Ô¸ÃÊéÃæ±¨¼ÛÎÄ¼þÊÕÊÜ³ÌÐòÄ¿µÄÂë»ò¿ÉÖ´ÐÐÐÎÊ½Ê±£¬Ê¼ÓÐÊÊÓÃ¡££©\r\n\r\nÖø×÷µÄÔ´Âë£¬ÊÇÖ¸¶ÔÖø×÷½øÐÐÐÞ¸ÄÊ±ÊÊÓÃµÄÐÎÊ½¡£¶ÔÓÚÒ»¸ö¿ÉÖ´ÐÐµÄÖø×÷¶øÑÔ£¬ÍêÕûµÄÔ´ÂëÊÇÖ¸Öø×÷ÖÐËù°üº¬ËùÓÐÄ£×éµÄÈ«²¿Ô´Âë£¬¼ÓÉÏÏà¹Ø½éÃæµÄ¶¨Òåµ²£¬»¹¼ÓÉÏÓÃÒÔ¿ØÖÆ¸ÃÖø×÷±àÒëÓë°²ÑbµÄÃèÊö¡£È»¶ø£¬ÌØ„eµÄÀýÍâÇé¿öÊÇ£¬Ëù·¢²¼µÄÔ´Âë²¢²»Ðè°üº¬ÈÎºÎÍ¨³£»áËæÖøËùÖ´ÐÐ×÷ÒµÏµÍ³µÄÖ÷Òª×é³É²¿·Ö£¨±àÒëÆ÷¡¢ºËÐÄµÈµÈ£©¶ø·¢²¼µÄÈí¼þ£¨ÎÞÂÛÒÔÔ´Âë»ò¶þ½øÎ»¸ñÊ½£©£¬³ý·Ç¸Ã²¿·Ö±¾Éí¼´¸½¼ÓÔÚ¿ÉÖ´ÐÐ³ÌÐòÖÐ¡£\r\n\r\nÈô¿ÉÖ´ÐÐÂë»òÄ¿µÄÂëµÄ·¢²¼·½Ê½£¬ÊÇÒÔÖ¸¶¨µÄµØµãÌá¹©´æÈ¡Î»ÖÃ¹©ÈË¸´ÖÆ£¬ÔòÌá¹©¿É×ÔÏàÍ¬µØµã¸´ÖÆÔ´ÂëµÄÊ¹ÓÃ»ú»á£¬ÊÓÍ¬¶ÔÓÚÔ´ÂëµÄ·¢²¼£¬È»¶øµÚÈýÈË²¢²»Òò´Ë¶ø¸ºÓÐ½«Ä¿µÄÂëÁ¬Í¬Ô´ÂëÒ»Æð¸´ÖÆµÄÒåÎñ¡£\r\n\r\n4. ³ý±¾ÊÚÈ¨ËùÃ÷Ê¾µÄ·½Ê½Íâ£¬Äú²»µÃ¶Ô±¾³ÌÐò¼ÓÒÔ¸´ÖÆ¡¢ÐÞ¸Ä¡¢ÔÙÊÚÈ¨»ò·¢²¼¡£ÈÎºÎÊÔÍ¼ÒÔÆäËû·½Ê½½øÐÐ¸´ÖÆ¡¢ÐÞ¸Ä¡¢ÔÙÊÚÈ¨»òÕß·¢²¼±¾³ÌÐòµÄÐÐÎª¾ùÎªÎÞÐ§£¬²¢ÇÒ½«×Ô¶¯ÖÕÖ¹Äú»ùÓÚ±¾ÊÚÈ¨ËùµÃÏíÓÐµÄÈ¨Àû¡£È»¶ø£¬ÒÀ±¾ÊÚÈ¨¹æ¶¨×ÔÄúÊÖÖÐÊÕÊÜ¸´ÖÆÎï»òÈ¨ÀûÖ®ÈË£¬Ö»Òª×ñÊØ±¾ÊÚÈ¨¹æ¶¨£¬ËûÃÇËù»ñµÃµÄÊÚÈ¨²¢²»»áÒò´ËÖÕÖ¹¡£\r\n\r\n5. ÒòÎªÄú²¢Î´ÔÚ±¾ÊÚÈ¨ÉÏÇ©Ãû£¬ËùÒÔÄúÎÞÐë½ÓÊÜ±¾ÊÚÈ¨¡£È»¶ø£¬³ý´ËÖ®ÍâÄú„eÎÞÆäËûÐÞ¸Ä»ò·¢²¼±¾³ÌÐò»òÆäÑÜÉúÖø×÷µÄÊÚÈ¨Ðí¿É¡£ÈôÄú²»½ÓÊÜ±¾ÊÚÈ¨£¬ÔòÕâÐ©ÐÐÎªÔÚ·¨ÂÉÉÏ¶¼ÊÇ±»½ûÖ¹µÄ¡£Òò´Ë£¬½åÓÉ¶Ô±¾³ÌÐò£¨»òÈÎºÎ»ùÓÚ±¾³ÌÐòËùÉúµÄÖø×÷£©µÄÐÞ¸Ä»ò·¢²¼ÐÐÎª£¬Äú±íÊ¾ÁË¶ÔÓÚ±¾ÊÚÈ¨µÄ½ÓÊÜ£¬ÒÔ¼°½ÓÊÜËùÓÐ¹ØÓÚ¸´ÖÆ¡¢·¢²¼»òÐÞ¸Ä±¾³ÌÐò»ò»ùÓÚ±¾³ÌÐòËùÉúÖø×÷µÄÌõ¿îÓëÌõ¼þ¡£\r\n\r\n6. Ã¿µ±ÄúÔÙ·¢²¼±¾³ÌÐò£¨»òÈÎºÎ»ùÓÚ±¾³ÌÐòËùÉúµÄÖø×÷£©Ê±£¬ÊÕÊÜÕß¼´×Ô¶¯»ñµÃÔ­ÊÚÈ¨ÈËËùÊÚÓèÒÀ±¾ÊÚÈ¨Ìõ¿îÓëÌõ¼þ¸´ÖÆ¡¢·¢²¼»òÐÞ¸Ä±¾³ÌÐòµÄÈ¨Àû¡£Äú²»µÃ¾Í±¾ÊÚÈ¨Ëù¸³ÓèÊÕÊÜÕßÐÐÊ¹µÄÈ¨Àû¸½¼ÓÈÎºÎ½øÒ»²½µÄÏÞÖÆ¡£Äú¶ÔÓÚµÚÈýÈËÊÇ·ñÂÄÐÐ±¾ÊÚÈ¨Ò»ÊÂ£¬ÎÞÐë¸ºÔð¡£\r\n\r\n7. Èô·¨ÔºÅÐ¾ö¡¢×¨ÀûÇÖÈ¨Ö÷ÕÅ»òÕßÆäËûÈÎºÎÀíÓÉ£¨²»ÏÞÓÚ×¨ÀûÕùÒé£©µÄ½á¹û£¬Ê¹µÃ¼ÓÖîÓÚÄúµÄÌõ¼þ£¨ÎÞÂÛÊÇÓÉ·¨ÔºÃüÁî¡¢Ð­ÒéÊé»òÆäËû·½Ê½Ôì³É£©Óë±¾ÊÚÈ¨¹æ¶¨ÓÐËù³åÍ»£¬ËûÃÇ²¢²»Ãâ³ýÄú¶ÔÓÚ±¾ÊÚÈ¨¹æ¶¨µÄ×ñÊØ¡£ÈôÄúÎÞ·¨Í¬Ê±·ûºÏÒÀ±¾ÊÚÈ¨ËùÉúÒåÎñ¼°ÆäËûÏà¹ØÒåÎñ¶ø½øÐÐ·¢²¼£¬ÄÇÃ´Æä½á¹û±ãÊÇÄú²»µÃ·¢²¼¸Ã³ÌÐò¡£ÀýÈç£¬Èô×¨ÀûÊÚÈ¨²»ÔÊÐíÆäËûÈËÖ±½Ó»ò¼ä½ÓÈ¡µÃ¸´ÖÆÎï£¬Í¨¹ýÄúÒÔÃâ¸¶È¨Àû½ðµÄ·½Ê½ÔÙ·¢²¼¸Ã³ÌÐò£¬ÄúÎ¨Ò»ÄÜÍ¬Ê±M×ã¸ÃÒåÎñ¼°±¾ÊÚÈ¨µÄ·½Ê½¾ÍÊÇØµ×±ÜÃâ½øÐÐ¸Ã³ÌÐòµÄ·¢²¼¡£\r\n\r\nÈô±¾ÌõÈÎÒ»²¿·ÝÔÚÌØÊâÇé¿öÏÂ±»ÈÏ¶¨ÎÞÐ§»òÎÞ·¨Ö´ÐÐÊ±£¬±¾ÌõÆäÓà²¿·ÖÈÔÓ¦ÊÊÓÃ£¬ÇÒ±¾ÌõÈ«²¿ÓÚÆäËûÇé¿öÏÂÈÔÓ¦ÊÊÓÃ¡£\r\n\r\n±¾ÌõµÄÄ¿µÄ²¢²»ÔÚÓÕÊ¹ÄúÇÖº¦×¨Àû»òÆäËûØ”²úÈ¨µÄÈ¨ÀûÖ÷ÕÅ£¬»ò¾Í´ËÀàÖ÷ÕÅµÄÓÐÐ§ÐÔ¼ÓÒÔÕùÖ´£»±¾ÌõµÄÎ¨Ò»Ä¿µÄ£¬ÊÇÔÚ±£ÕÏ½åÓÉ¹«¹²ÊÚÈ¨¹ßÀýËùÖ´ÐÐ×ÔÓÉÈí¼þ·¢²¼ÏµÍ³µÄÍêÕûÐÔ¡£Ðí¶àÈËÐÅÀµ¸ÃÏµÍ³Ò»¹áÊ¹ÓÃµÄÓ¦ÓÃ³ÌÐò£¬¶ø¶Ô¾­ÓÉ´ËÏµÍ³·¢²¼µÄ´óÁ¿Èí¼þÓÐÏàµ±¶àµÄ¹±Ï×£»×÷Õß£¯¹±Ï×ÕßÓÐÈ¨¾ö¶¨Ëû»òËýÊÇ·ñÏ£Íû¾­ÓÉÆäËûµÄÏµÍ³·¢²¼Èí¼þ£¬¶ø±»ÊÚÈ¨ÈËÔòÎÞ¸ÃÖÖÑ¡ÔñÈ¨¡£\r\n\r\n±¾ÌõµÄÓÃÒâÔÚÓÚ½«±¾ÊÚÈ¨ÆäËû²»È·¶¨µÄ²¿·ÖØµ×½âÊÍÇå³þ¡£\r\n\r\n8. ÈôÒòÎª×¨Àû»òÏíÓÐÖø×÷È¨±£»¤µÄ½éÃæÎÊÌâ£¬¶øÊ¹µÃ±¾³ÌÐòµÄ·¢²¼Óë£¯»òÊ¹ÓÃ¾ÖÏÞÓÚÄ³Ð©¹ú¼ÒÊ±£¬Ôò½«±¾³ÌÐòÖÃÓÚ±¾ÊÚÈ¨¹æ·¶Ö®ÏÂµÄÔ­Öø×÷È¨ÈËµÃÔöÁÐÃ÷È·µÄ·¢²¼µØÇøÏÞÖÆÌõ¿î£¬½«ÕâÐ©¹ú¼ÒÅÅ³ýÔÚÍâ£¬¶øÊ¹·¢²¼µÄÐí¿ÉÖ»ÏÞÔÚÎ´ÊÜÅÅ³ýµÄ¹ú¼ÒÖ®ƒÈ»òÖ®ÖÐ¡£ÔÚ¸ÃµÈÇé¿öÏÂ£¬¸ÃÏÞÖÆÌõ¿îÈçÍ¬ÒÔÊéÃæ·½Ê½¶©¶¨ÓÚ±¾ÊÚÈ¨ƒÈÈÝÖÐ£¬¶ø³ÉÎª±¾ÊÚÈ¨µÄÌõ¿î¡£\r\n\r\n9. ×ÔÓÉÈí¼þ»ù½ð»áµÃËæÊ±·¢±íÍ¨ÓÃ¹«¹²ÊÚÈ¨µÄÐÞÕý°æÓë£¯»òÐÂ°æ±¾¡£ÐÂ°æ±¾ÔÚ¾«ÉñÉÏ½«½üËÆÓÚÄ¿Ç°µÄ°æ±¾£¬È»¶øÔÚÏ¸½ÚÉÏ»òËù²»Í¬ÒÔÒòÓ¦ÐÂµÄÎÊÌâ»ò×´¿ö¡£\r\n\r\nÃ¿Ò»¸ö°æ±¾¶¼ÓÐ¸ö„eµÄ°æ±¾ºÅÂë¡£Èô±¾³ÌÐòÖ¸¶¨ÓÐÊÚÈ¨°æ±¾ºÅÂë£¬±íÊ¾ÆäÊÊÓÃ¸Ã°æ±¾»òÊÇ"ÈÎºÎÐÂ°æ±¾"Ê±£¬Äú¿ÉÒÔÑ¡Ôñ×ñÑ­¸Ã°æ±¾»òÈÎºÎÓÉ×ÔÓÉÈí¼þ»ù½ð»áÈÕºóËù·¢±íÐÂ°æ±¾µÄÌõ¿îÓëÌõ¼þ¡£Èô±¾³ÌÐò²¢Î´Ö¸¶¨ÊÚÈ¨°æ±¾ºÅÂëÊ±£¬Äú¿ÉÒÔÑ¡ÔñÈÎÒ»×ÔÓÉÈí¼þ»ù½ð»áËù·¢±íµÄ°æ±¾¡£\r\n\r\n10. ÈôÄúÏë½«²¿·Ö±¾³ÌÐòÄÉÈëÆäËû×ÔÓÉ³ÌÐò£¬¶øÆä·¢²¼µÄÌõ¼þÓÐËù²»Í¬Ê±£¬ÇëÐ´ÐÅÈ¡µÃ×÷ÕßµÄÐí¿É¡£ÈôÎª×ÔÓÉÈí¼þ»ù½ð»áÏíÓÐÖø×÷È¨µÄÈí¼þ£¬ÇëÐ´ÐÅÖÁ×ÔÓÉÈí¼þ»ù½ð»á£»ÎÒÃÇÓÐÊ±»áÒÔÀýÍâ·½Ê½ÓèÒÔ´¦Àí¡£ÎÒÃÇµÄ¾ö¶¨È¡¾öÓÚÁ½ÏîÄ¿±ê£ºÈ·±£ÎÒÃÇ×ÔÓÉÈí¼þµÄËùÓÐÑÜÉúÖø×÷¾ùÎ¬³ÖÔÚ×ÔÓÉµÄ×´Ì¬£¬²¢¹ã·ºµØ´Ù½øÈí¼þµÄ·ÖÏíÓëÔÙÀûÓÃ¡£\r\n\r\n[b]ÎÞµ£±£ÉùÃ÷[/b]\r\n\r\n11. ÓÉÓÚ±¾³ÌÐòÊÇÎÞ³¥ÊÚÈ¨£¬Òò´ËÔÚ·¨ÂÉÐí¿É·¶Î§ƒÈ£¬±¾ÊÚÈ¨¶Ô±¾³ÌÐò²¢²»¸ºµ£±£ÔðÈÎ¡£·Ç¾­ÊéÃæÉùÃ÷£¬Öø×÷È¨ÈËÓë£¯»òÆäËûÌá¹©³ÌÐòÖ®ÈË£¬ÎÞÂÛÃ÷Ê¾»òÄ¬Ðí£¬¾ùÊÇÒÀ¡¸ÏÖ¿ö¡¹Ìá¹©±¾³ÌÐò¶ø²¢ÎÞÈÎºÎÐÎÊ½µÄµ£±£ÔðÈÎ£¬Æä°üÀ¨µ«²»ÏÞÓÚ£¬¾ÍÊÊÊÛÐÔÒÔ¼°ÌØ¶¨Ä¿µÄµÄÊÊÓÃÐÔÎªÄ¬Ê¾ÐÔµ£±£¡£ÓÐ¹Ø±¾³ÌÐòÆ·ÖÊÓëÐ§ÄÜµÄÈ«²¿·çÏÕ¾ùÓÉÄú³Ðµ£¡£Èç±¾³ÌÐò±»Ö¤Ã÷ÓÐè¦´Ã£¬ÄúÓ¦³Ðµ£ËùÓÐ·þÎñ¡¢ÐÞ¸´»ò¸ÄÕýµÄ·ÑÓÃ¡£\r\n\r\n12. ·Ç¾­·¨ÂÉÒªÇó»òÊéÃæÍ¬Òâ£¬ÈÎºÎÖø×÷È¨ÈË»òÈÎºÎ¿ÉÄÜÒÀÇ°Êö·½Ê½ÐÞ¸ÄÓë£¯»ò·¢²¼±¾³ÌÐòÕß£¬¶ÔÓÚÄúÒòÎªÊ¹ÓÃ»ò²»ÄÜÊ¹ÓÃ±¾³ÌÐòËùÔì³ÉµÄÒ»°ãÐÔ¡¢ÌØÊâÐÔ¡¢ÒâÍâÐÔ»ò¼ä½ÓÐÔËðÊ§£¬²»¸ºÈÎºÎÔðÈÎ£¨°üÀ¨µ«²»ÏÞÓÚ£¬×ÊÁÏËðÊ§£¬×ÊÁÏÖ´ÐÐ²»¾«È·£¬»òÓ¦ÓÉÄú»òµÚÈýÈË³Ðµ£µÄËðÊ§£¬»ò±¾³ÌÐòÎÞ·¨ÓëÆäËû³ÌÐòÔË×÷µÈ£©£¬¼´±ãÇ°ÊöµÄÖø×÷È¨ÈË»òÆäËûÈËÒÑ±»¸æÖª¸ÃµÈËðÊ§µÄ¿ÉÄÜÐÔÊ±£¬Ò²ÊÇÒ»Ñù¡£\r\n\r\n-ÌõÎÄ½áÊø-\r\n\r\n\r\n\r\n[b]ÄúµÄÐÂ³ÌÐò¸ÃÈçºÎ²ÉÓÃÕâÐ©Ìõ¿î£¿[/b]\r\n\r\n\r\nÈç¹ûÄú¿ª·¢ÁËÒ»¸öÐÂ³ÌÐò£¬²¢ÇÒÏ£ÍûÄÜ¹»ÈÃËü¾¡¿ÉÄÜµØ±»´óÖÚÊ¹ÓÃ£¬´ï³É´ËÄ¿µÄµÄ×îºÃ·½Ê½¾ÍÊÇÈÃËü³ÉÎª×ÔÓÉÈí¼þ£¬ÈÎºÎÈËÒÀÕâÐ©Ìõ¿î¹æ¶¨¶¼ÄÜ¾Í¸ÃÈí¼þÔÙÎª·¢²¼¼°ÐÞ¸Ä¡£\r\n\r\nÎªÁË×öµ½ÕâÒ»µã£¬Çë½«ÒÔÏÂÉùÃ÷¸½¼Óµ½³ÌÐòÉÏ¡£×î°²È«µÄ×÷·¨£¬ÊÇ½«ÉùÃ÷·ÅÔÚÃ¿·ÝÔ´Âëµ²°¸µÄÆðÊ¼´¦£¬ÒÔÓÐÐ§´«´ïÎÞµ£±£ÔðÈÎµÄÑ¶Ï¢£»ÇÒÃ¿·Ýµ²°¸ÖÁÉÙÓ¦ÓÐ¡¸Öø×÷È¨¡¹ÁÐÒÔ¼°±¾·ÝÉùÃ÷È«ÎÄÎ»ÖÃµÄÌáÊ¾¡£\r\n\r\nÓÃÒ»ÐÐÃèÊö³ÌÐòµÄÃû³ÆÓëÆäÓÃÍ¾¼òÊö\r\nÖø×÷È¨ËùÓÐ(C) ¡´Äê·Ý¡µ¡´×÷ÕßÐÕÃû¡µ\r\n\r\n±¾³ÌÐòÎª×ÔÓÉÈí¼þ£»Äú¿ÉÒÀ¾Ý×ÔÓÉÈí¼þ»ù½ð»áËù·¢±íµÄGNUÍ¨ÓÃ¹«¹²ÊÚÈ¨Ìõ¿î¹æ¶¨£¬¾Í±¾³ÌÐòÔÙÎª·¢²¼Óë£¯»òÐÞ¸Ä£»ÎÞÂÛÄúÒÀ¾ÝµÄÊÇ±¾ÊÚÈ¨µÄµÚ¶þ°æ»ò£¨Äú×ÔÐÐÑ¡ÔñµÄ£©ÈÎÒ»ÈÕºó·¢ÐÐµÄ°æ±¾¡£\r\n\r\n±¾³ÌÐòÊÇ»ùÓÚÊ¹ÓÃÄ¿µÄ¶ø¼ÓÒÔ·¢²¼£¬È»¶ø²»¸ºÈÎºÎµ£±£ÔðÈÎ£»ÒàÎÞ¶ÔÊÊÊÛÐÔ»òÌØ¶¨Ä¿µÄÊÊÓÃÐÔËùÎªµÄÄ¬Ê¾ÐÔµ£±£¡£ÏêÇéÇë²ÎÕÕGNUÍ¨ÓÃ¹«¹²ÊÚÈ¨¡£\r\n\r\nÄúÓ¦ÒÑÊÕµ½¸½ËæÓÚ±¾³ÌÐòµÄGNUÍ¨ÓÃ¹«¹²ÊÚÈ¨µÄ¸±±¾£»Èç¹ûÃ»ÓÐ£¬ÇëÐ´ÐÅÖÁ×ÔÓÉÈí¼þ»ù½ð»á£º59 Temple Place - Suite 330, Boston, Ma 02111-1307, USA¡£\r\n\r\nÍ¬Ê±¸½ÉÏÈçºÎÒÔµç×Ó¼°ÊéÃæÐÅ¼þÓëÄúÁªÏµµÄ×ÊÁÏ¡£\r\n\r\nÈô³ÌÐòÊÇÒÔ½»»¥·½Ê½ÔË×÷Ê±£¬ÇëÔÚ½»»¥Ê½Ä£Ê½¿ªÊ¼Ê±£¬Êä³ö¼ò¶ÌÌáÊ¾ÈçÏÂ£º\r\n\r\nGnomovision µÚ69°æ£¬Öø×÷È¨ËùÓÐ (c) Äê·Ý ×÷ÕßÐÕÃû\r\nGnomovision²»¸ºµ£±£ÔðÈÎ£¬ÓûÖªÏêÇéÇë¼üÈë''show w''¡£ÕâÊÇÒ»¸ö×ÔÓÉÈí¼þ£¬»¶Ó­ÄúÔÚÌØ¶¨Ìõ¼þÏÂÔÙ·¢²¼±¾³ÌÐò£»ÓûÖªÏêÇéÇë¼üÈë''show c''¡£ \r\n\r\nËù¼ÙÉèµÄÖ¸Áî''show w''Óë''show c''Ó¦ÏÔÊ¾Í¨ÓÃ¹«¹²ÊÚÈ¨µÄÏà¶ÔÓ¦Ìõ¿î¡£µ±È»£¬Äú¿ÉÒÔÊ¹ÓÃ''show w''Óë''show c''ÒÔÍâµÄÖ¸ÁîÃû³Æ£»ÉõÖÁÒÔÊó±ê¼ü»÷»òÑ¡²Ëµ¥·½Ê½½øÐÐ-Ö»ÒªÊÇºÏÓÚÄú³ÌÐòÐèÒªµÄ·½Ê½¶¼¿ÉÒÔ¡£\r\n\r\nÈçÓÐÐèÒª£¬ÄúÒàÓ¦È¡µÃÄúµÄ¹ÍÖ÷£¨ÈôÄúµÄ¹¤×÷Îª³ÌÐòÉè¼ÆŽŸ£©»òÑ§Ð£¾Í±¾³ÌÐòËùÇ©ÊðµÄ¡¸Öø×÷È¨·ÅÆú³ÐÖZÊé¡¹¡£Æä·¶ÀýÈçÏÂ£¬ÄúÖ»ÒªÐÞ¸ÄÐÕÃû¼´¿É£º\r\n\r\nYoyodyne¹«Ë¾£¬Æ´Ë·ÅÆúJames HackerËùÐ´Ö®''Gnomovision''³ÌÐò£¨¸Ã³ÌÐò²ú³ö±àÒëÆ÷ËùÐè×ÊÑ¶£©ËùÓÐµÄÖø×÷È¨ÀûÒæ¡£\r\n\r\n¡´Ty Coon¹«Ë¾Ç©ÕÂ¡µ£¬1989ÄêËÄÔÂÒ»ÈÕ\r\n\r\nTy Coon¹«Ë¾,¸±×Ü²Ã\r\n\r\n±¾Í¨ÓÃ¹«¹²ÊÚÈ¨²¢²»ÔÊÐíÄú½«±¾³ÌÐò²¢Èë×¨ÓÐ³ÌÐòÖÐ¡£ÈôÄúµÄ³ÌÐòÊÇÒ»×Ó³ÌÐòº¯Êý¿âÊ±£¬Äú¿ÉÄÜÈÏÎªÔÊÐí×¨ÓÐÓ¦ÓÃ³ÌÐòÓë¸Ãº¯Ê½¿âÏàÁ¬½á»á¸üÓÐ°ïÖú¡£ÈôÕâÊÇÄúËùÏë×öµÄ£¬ÇëÊ¹ÓÃGNUº¯Ê½¿âÍ¨ÓÃ¹«¹²ÊÚÈ¨´úÌæ±¾ÊÚÈ¨¡£\r\n\r\n\r\n\r\n\r\n\r\nÔ­ÎÄÍøÕ¾: http://www.gnu.org/licenses/gpl.html', 1, 1, 1, 1, 1);

-- 
-- Dumping data for table `article_topic`
-- 


-- 
-- Dumping data for table `article_trackback`
-- 


-- 
-- Dumping data for table `article_tracked`
-- 


-- 
-- Dumping data for table `article_writer`
-- 

INSERT INTO `art_writer` (`writer_id`, `writer_name`, `writer_avatar`, `writer_profile`, `writer_uid`, `uid`) VALUES (1, 'bestjovi', '', '<a href="http://xoops.org.cn/userinfo.php?uid=1586" target="_blank">bestjovi</a>Îª Xoops China »îÔ¾»áÔ±', 0, 0),
(2, 'domecc', '', '[url=http://xoops.org.cn/userinfo.php?uid=5094]domecc[/url] Îª Xoops China ÍøÕ¾¹ÜÀíÔ±', 0, 0);
